Last updated on 2020-02-15 01:01:18 CET.
Flavor | Version | Tinstall | Tcheck | Ttotal | Status | Flags |
---|---|---|---|---|---|---|
r-devel-linux-x86_64-debian-clang | 0.1.0 | 16.37 | 92.82 | 109.19 | OK | |
r-devel-linux-x86_64-debian-gcc | 0.1.0 | 12.54 | 71.25 | 83.79 | OK | |
r-devel-linux-x86_64-fedora-clang | 0.1.0 | 148.13 | NOTE | |||
r-devel-linux-x86_64-fedora-gcc | 0.1.0 | 131.32 | NOTE | |||
r-devel-windows-ix86+x86_64 | 0.1.0 | 34.00 | 111.00 | 145.00 | OK | |
r-devel-windows-ix86+x86_64-gcc8 | 0.1.0 | 48.00 | 133.00 | 181.00 | OK | |
r-patched-linux-x86_64 | 0.1.0 | 10.16 | 82.42 | 92.58 | OK | |
r-patched-solaris-x86 | 0.1.0 | 171.00 | NOTE | |||
r-release-linux-x86_64 | 0.1.0 | 11.84 | 81.59 | 93.43 | OK | |
r-release-windows-ix86+x86_64 | 0.1.0 | 22.00 | 93.00 | 115.00 | OK | |
r-release-osx-x86_64 | 0.1.0 | NOTE | ||||
r-oldrel-windows-ix86+x86_64 | 0.1.0 | 14.00 | 97.00 | 111.00 | OK | |
r-oldrel-osx-x86_64 | 0.1.0 | NOTE |
Version: 0.1.0
Check: dependencies in R code
Result: NOTE
Namespace in Imports field not imported from: ‘abind’
All declared Imports should be used.
Flavors: r-devel-linux-x86_64-fedora-clang, r-devel-linux-x86_64-fedora-gcc, r-patched-solaris-x86, r-release-osx-x86_64, r-oldrel-osx-x86_64