Last updated on 2020-02-15 01:01:18 CET.
Flavor | Version | Tinstall | Tcheck | Ttotal | Status | Flags |
---|---|---|---|---|---|---|
r-devel-linux-x86_64-debian-clang | 0.5.0 | 5.60 | 62.67 | 68.27 | OK | |
r-devel-linux-x86_64-debian-gcc | 0.5.0 | 3.55 | 47.84 | 51.39 | OK | |
r-devel-linux-x86_64-fedora-clang | 0.5.0 | 87.11 | OK | |||
r-devel-linux-x86_64-fedora-gcc | 0.5.0 | 83.60 | OK | |||
r-devel-windows-ix86+x86_64 | 0.5.0 | 67.00 | 309.00 | 376.00 | NOTE | |
r-devel-windows-ix86+x86_64-gcc8 | 0.4.0 | 81.00 | 257.00 | 338.00 | NOTE | |
r-patched-linux-x86_64 | 0.5.0 | 3.84 | 59.20 | 63.04 | OK | |
r-release-linux-x86_64 | 0.5.0 | 3.92 | 59.43 | 63.35 | OK | |
r-release-windows-ix86+x86_64 | 0.5.0 | 64.00 | 290.00 | 354.00 | NOTE | |
r-release-osx-x86_64 | 0.5.0 | NOTE | ||||
r-oldrel-windows-ix86+x86_64 | 0.5.0 | 62.00 | 284.00 | 346.00 | NOTE | |
r-oldrel-osx-x86_64 | 0.5.0 | NOTE |
Version: 0.5.0
Check: installed package size
Result: NOTE
installed size is 56.6Mb
sub-directories of 1Mb or more:
libs 55.8Mb
Flavors: r-devel-windows-ix86+x86_64, r-release-windows-ix86+x86_64, r-release-osx-x86_64, r-oldrel-windows-ix86+x86_64, r-oldrel-osx-x86_64
Version: 0.4.0
Check: installed package size
Result: NOTE
installed size is 56.6Mb
sub-directories of 1Mb or more:
libs 55.8Mb
Flavor: r-devel-windows-ix86+x86_64-gcc8