Last updated on 2020-02-15 01:01:18 CET.
Flavor | Version | Tinstall | Tcheck | Ttotal | Status | Flags |
---|---|---|---|---|---|---|
r-devel-linux-x86_64-debian-clang | 1.0.4 | 2.79 | 34.29 | 37.08 | NOTE | |
r-devel-linux-x86_64-debian-gcc | 1.0.4 | 2.42 | 26.59 | 29.01 | NOTE | |
r-devel-linux-x86_64-fedora-clang | 1.0.4 | 45.58 | NOTE | |||
r-devel-linux-x86_64-fedora-gcc | 1.0.4 | 45.99 | NOTE | |||
r-devel-windows-ix86+x86_64 | 1.0.4 | 9.00 | 50.00 | 59.00 | OK | |
r-devel-windows-ix86+x86_64-gcc8 | 1.0.4 | 11.00 | 64.00 | 75.00 | NOTE | |
r-patched-linux-x86_64 | 1.0.4 | 2.22 | 30.47 | 32.69 | NOTE | |
r-patched-solaris-x86 | 1.0.4 | 63.10 | NOTE | |||
r-release-linux-x86_64 | 1.0.4 | 1.97 | 30.38 | 32.35 | NOTE | |
r-release-windows-ix86+x86_64 | 1.0.4 | 7.00 | 49.00 | 56.00 | OK | |
r-release-osx-x86_64 | 1.0.4 | NOTE | ||||
r-oldrel-windows-ix86+x86_64 | 1.0.4 | 3.00 | 44.00 | 47.00 | OK | |
r-oldrel-osx-x86_64 | 1.0.4 | OK |
Version: 1.0.4
Check: package dependencies
Result: NOTE
Package suggested but not available for checking: 'BiocInstaller'
Flavors: r-devel-linux-x86_64-debian-clang, r-devel-linux-x86_64-debian-gcc, r-devel-linux-x86_64-fedora-clang, r-devel-linux-x86_64-fedora-gcc, r-devel-windows-ix86+x86_64-gcc8, r-patched-linux-x86_64, r-patched-solaris-x86, r-release-linux-x86_64, r-release-osx-x86_64