Last updated on 2020-02-15 01:01:18 CET.
Flavor | Version | Tinstall | Tcheck | Ttotal | Status | Flags |
---|---|---|---|---|---|---|
r-devel-linux-x86_64-debian-clang | 1.0 | 4.06 | 56.99 | 61.05 | NOTE | |
r-devel-linux-x86_64-debian-gcc | 1.0 | 3.07 | 42.38 | 45.45 | NOTE | |
r-devel-linux-x86_64-fedora-clang | 1.0 | 72.13 | NOTE | |||
r-devel-linux-x86_64-fedora-gcc | 1.0 | 74.74 | NOTE | |||
r-devel-windows-ix86+x86_64 | 1.0 | 11.00 | 70.00 | 81.00 | NOTE | |
r-devel-windows-ix86+x86_64-gcc8 | 1.0 | 15.00 | 90.00 | 105.00 | NOTE | |
r-patched-linux-x86_64 | 1.0 | 3.51 | 50.62 | 54.13 | NOTE | |
r-patched-solaris-x86 | 1.0 | 84.50 | NOTE | |||
r-release-linux-x86_64 | 1.0 | 3.01 | 51.03 | 54.04 | NOTE | |
r-release-windows-ix86+x86_64 | 1.0 | 9.00 | 61.00 | 70.00 | NOTE | |
r-release-osx-x86_64 | 1.0 | NOTE | ||||
r-oldrel-windows-ix86+x86_64 | 1.0 | 7.00 | 103.00 | 110.00 | NOTE | |
r-oldrel-osx-x86_64 | 1.0 | NOTE |
Version: 1.0
Check: R code for possible problems
Result: NOTE
.generateTransform: no visible global function definition for 'sd'
.generateUnitHyperCube: no visible global function definition for
'runif'
.makeBoundedSingleStep: no visible global function definition for
'runif'
.makeBoundedStep: no visible global function definition for 'runif'
.makeStep: no visible global function definition for 'runif'
.staircaseSampling: no visible global function definition for 'runif'
GaussianPrior: no visible global function definition for 'qnorm'
LogNormalPrior: no visible global function definition for 'qnorm'
Undefined global functions or variables:
qnorm runif sd
Consider adding
importFrom("stats", "qnorm", "runif", "sd")
to your NAMESPACE file.
Flavors: r-devel-linux-x86_64-debian-clang, r-devel-linux-x86_64-debian-gcc, r-devel-linux-x86_64-fedora-clang, r-devel-linux-x86_64-fedora-gcc, r-devel-windows-ix86+x86_64, r-devel-windows-ix86+x86_64-gcc8, r-patched-linux-x86_64, r-patched-solaris-x86, r-release-linux-x86_64, r-release-windows-ix86+x86_64, r-release-osx-x86_64, r-oldrel-windows-ix86+x86_64, r-oldrel-osx-x86_64