Last updated on 2020-02-15 01:01:18 CET.
Flavor | Version | Tinstall | Tcheck | Ttotal | Status | Flags |
---|---|---|---|---|---|---|
r-devel-linux-x86_64-debian-clang | 0.2.4 | 4.31 | 51.37 | 55.68 | OK | |
r-devel-linux-x86_64-debian-gcc | 0.2.4 | 3.22 | 39.71 | 42.93 | OK | |
r-devel-linux-x86_64-fedora-clang | 0.2.4 | 70.64 | OK | |||
r-devel-linux-x86_64-fedora-gcc | 0.2.4 | 69.23 | OK | |||
r-devel-windows-ix86+x86_64 | 0.2.4 | 13.00 | 70.00 | 83.00 | OK | |
r-devel-windows-ix86+x86_64-gcc8 | 0.2.4 | 12.00 | 94.00 | 106.00 | OK | |
r-patched-linux-x86_64 | 0.2.4 | 2.42 | 45.58 | 48.00 | OK | |
r-patched-solaris-x86 | 0.2.4 | 82.80 | OK | |||
r-release-linux-x86_64 | 0.2.4 | 3.08 | 45.68 | 48.76 | OK | |
r-release-windows-ix86+x86_64 | 0.2.4 | 8.00 | 62.00 | 70.00 | OK | |
r-release-osx-x86_64 | 0.2.4 | NOTE | ||||
r-oldrel-windows-ix86+x86_64 | 0.2.4 | 5.00 | 63.00 | 68.00 | OK | |
r-oldrel-osx-x86_64 | 0.2.4 | NOTE |
Version: 0.2.4
Check: package dependencies
Result: NOTE
Package suggested but not available for checking: ‘philr’
Flavors: r-release-osx-x86_64, r-oldrel-osx-x86_64