CRAN Package Check Results for Package bayesImageS

Last updated on 2020-02-15 01:01:18 CET.

Flavor Version Tinstall Tcheck Ttotal Status Flags
r-devel-linux-x86_64-debian-clang 0.6-0 70.81 110.08 180.89 OK
r-devel-linux-x86_64-debian-gcc 0.6-0 52.34 82.31 134.65 OK
r-devel-linux-x86_64-fedora-clang 0.6-0 246.35 NOTE
r-devel-linux-x86_64-fedora-gcc 0.6-0 236.14 OK
r-devel-windows-ix86+x86_64 0.6-0 135.00 151.00 286.00 OK
r-devel-windows-ix86+x86_64-gcc8 0.6-0 199.00 186.00 385.00 OK
r-patched-linux-x86_64 0.6-0 58.03 99.94 157.97 OK
r-patched-solaris-x86 0.6-0 281.80 OK
r-release-linux-x86_64 0.6-0 58.83 100.36 159.19 OK
r-release-windows-ix86+x86_64 0.6-0 126.00 141.00 267.00 OK
r-release-osx-x86_64 0.6-0 NOTE
r-oldrel-windows-ix86+x86_64 0.6-0 119.00 136.00 255.00 OK
r-oldrel-osx-x86_64 0.6-0 NOTE

Check Details

Version: 0.6-0
Check: installed package size
Result: NOTE
     installed size is 6.6Mb
     sub-directories of 1Mb or more:
     data 1.6Mb
     libs 4.3Mb
Flavors: r-devel-linux-x86_64-fedora-clang, r-release-osx-x86_64, r-oldrel-osx-x86_64