Last updated on 2020-02-15 01:01:18 CET.
Flavor | Version | Tinstall | Tcheck | Ttotal | Status | Flags |
---|---|---|---|---|---|---|
r-devel-linux-x86_64-debian-clang | 1.0.1 | 4.02 | 39.24 | 43.26 | OK | |
r-devel-linux-x86_64-debian-gcc | 1.0.1 | 3.47 | 30.59 | 34.06 | OK | |
r-devel-linux-x86_64-fedora-clang | 1.0.1 | 54.26 | NOTE | |||
r-devel-linux-x86_64-fedora-gcc | 1.0.1 | 55.18 | NOTE | |||
r-devel-windows-ix86+x86_64 | 1.0.1 | 13.00 | 66.00 | 79.00 | NOTE | |
r-devel-windows-ix86+x86_64-gcc8 | 1.0.1 | 14.00 | 90.00 | 104.00 | NOTE | |
r-patched-linux-x86_64 | 1.0.1 | 4.07 | 35.61 | 39.68 | OK | |
r-patched-solaris-x86 | 1.0.1 | 71.70 | OK | |||
r-release-linux-x86_64 | 1.0.1 | 4.41 | 35.31 | 39.72 | OK | |
r-release-windows-ix86+x86_64 | 1.0.1 | 9.00 | 64.00 | 73.00 | NOTE | |
r-release-osx-x86_64 | 1.0.1 | OK | ||||
r-oldrel-windows-ix86+x86_64 | 1.0.1 | 6.00 | 81.00 | 87.00 | NOTE | |
r-oldrel-osx-x86_64 | 1.0.1 | OK |
Version: 1.0.1
Check: compiled code
Result: NOTE
File ‘bayesloglin/libs/bayesloglin.so’:
Found no calls to: ‘R_registerRoutines’, ‘R_useDynamicSymbols’
It is good practice to register native routines and to disable symbol
search.
See ‘Writing portable packages’ in the ‘Writing R Extensions’ manual.
Flavors: r-devel-linux-x86_64-fedora-clang, r-devel-linux-x86_64-fedora-gcc
Version: 1.0.1
Check: DESCRIPTION meta-information
Result: NOTE
NeedsCompilation field should likely be 'yes'
Flavors: r-devel-windows-ix86+x86_64, r-devel-windows-ix86+x86_64-gcc8, r-release-windows-ix86+x86_64, r-oldrel-windows-ix86+x86_64