CRAN Package Check Results for Package baystability

Last updated on 2020-02-15 01:01:18 CET.

Flavor Version Tinstall Tcheck Ttotal Status Flags
r-devel-linux-x86_64-debian-clang 0.1.0 12.81 111.02 123.83 OK
r-devel-linux-x86_64-debian-gcc 0.1.0 11.41 83.83 95.24 OK
r-devel-linux-x86_64-fedora-clang 0.1.0 150.04 NOTE
r-devel-linux-x86_64-fedora-gcc 0.1.0 152.20 NOTE
r-devel-windows-ix86+x86_64 0.1.0 35.00 121.00 156.00 OK
r-devel-windows-ix86+x86_64-gcc8 0.1.0 50.00 164.00 214.00 OK
r-patched-linux-x86_64 0.1.0 11.40 96.11 107.51 OK
r-patched-solaris-x86 0.1.0 207.30 NOTE
r-release-linux-x86_64 0.1.0 10.72 96.50 107.22 OK
r-release-windows-ix86+x86_64 0.1.0 30.00 111.00 141.00 OK
r-release-osx-x86_64 0.1.0 NOTE
r-oldrel-windows-ix86+x86_64 0.1.0 14.00 106.00 120.00 OK
r-oldrel-osx-x86_64 0.1.0 NOTE

Check Details

Version: 0.1.0
Check: dependencies in R code
Result: NOTE
    Namespaces in Imports field not imported from:
     ‘ggfortify’ ‘ggplot2’ ‘matrixStats’ ‘reshape2’ ‘scales’
     All declared Imports should be used.
Flavors: r-devel-linux-x86_64-fedora-clang, r-devel-linux-x86_64-fedora-gcc, r-patched-solaris-x86, r-release-osx-x86_64, r-oldrel-osx-x86_64