CRAN Package Check Results for Package baytrends

Last updated on 2020-02-15 01:01:18 CET.

Flavor Version Tinstall Tcheck Ttotal Status Flags
r-devel-linux-x86_64-debian-clang 1.1.0 30.00 194.61 224.61 NOTE
r-devel-linux-x86_64-debian-gcc 1.1.0 25.99 145.73 171.72 NOTE
r-devel-linux-x86_64-fedora-clang 1.1.0 284.84 NOTE
r-devel-linux-x86_64-fedora-gcc 1.1.0 283.44 NOTE
r-devel-windows-ix86+x86_64 1.1.0 53.00 222.00 275.00 OK
r-devel-windows-ix86+x86_64-gcc8 1.1.0 77.00 284.00 361.00 OK
r-patched-linux-x86_64 1.1.0 24.71 172.62 197.33 OK
r-patched-solaris-x86 1.1.0 342.90 OK
r-release-linux-x86_64 1.1.0 27.20 172.20 199.40 OK
r-release-windows-ix86+x86_64 1.1.0 45.00 191.00 236.00 OK
r-release-osx-x86_64 1.1.0 OK
r-oldrel-windows-ix86+x86_64 1.1.0 35.00 181.00 216.00 OK
r-oldrel-osx-x86_64 1.1.0 OK

Check Details

Version: 1.1.0
Check: for non-standard things in the check directory
Result: NOTE
    Found the following files/directories:
     '_saveDF' 'dataCensored.test.rda' 'dataCensored_TEST.csv'
Flavors: r-devel-linux-x86_64-debian-clang, r-devel-linux-x86_64-debian-gcc, r-devel-linux-x86_64-fedora-clang, r-devel-linux-x86_64-fedora-gcc