Last updated on 2020-02-15 01:01:19 CET.
Flavor | Version | Tinstall | Tcheck | Ttotal | Status | Flags |
---|---|---|---|---|---|---|
r-devel-linux-x86_64-debian-clang | 2.3.2 | 20.20 | 222.54 | 242.74 | OK | |
r-devel-linux-x86_64-debian-gcc | 2.3.2 | 15.26 | 168.72 | 183.98 | OK | |
r-devel-linux-x86_64-fedora-clang | 2.3.2 | 303.29 | NOTE | |||
r-devel-linux-x86_64-fedora-gcc | 2.3.2 | 296.73 | OK | |||
r-devel-windows-ix86+x86_64 | 2.3.2 | 41.00 | 270.00 | 311.00 | OK | |
r-devel-windows-ix86+x86_64-gcc8 | 2.3.2 | 68.00 | 340.00 | 408.00 | OK | |
r-patched-linux-x86_64 | 2.3.2 | 15.94 | 199.07 | 215.01 | OK | |
r-patched-solaris-x86 | 2.3.2 | 367.90 | NOTE | |||
r-release-linux-x86_64 | 2.3.2 | 18.45 | 165.78 | 184.23 | WARN | |
r-release-windows-ix86+x86_64 | 2.3.2 | 40.00 | 222.00 | 262.00 | OK | |
r-release-osx-x86_64 | 2.3.2 | OK | ||||
r-oldrel-windows-ix86+x86_64 | 2.3.2 | 28.00 | 235.00 | 263.00 | OK | |
r-oldrel-osx-x86_64 | 2.3.2 | OK |
Version: 2.3.2
Check: package dependencies
Result: NOTE
Imports includes 21 non-default packages.
Importing from so many packages makes the package vulnerable to any of
them becoming unavailable. Move as many as possible to Suggests and
use conditionally.
Flavor: r-devel-linux-x86_64-fedora-clang
Version: 2.3.2
Check: installed package size
Result: NOTE
installed size is 5.0Mb
sub-directories of 1Mb or more:
data 2.0Mb
doc 1.9Mb
Flavors: r-devel-linux-x86_64-fedora-clang, r-patched-solaris-x86
Version: 2.3.2
Check: re-building of vignette outputs
Result: WARN
Error(s) in re-building vignettes:
...
--- re-building ‘bibliometrix-vignette.Rmd’ using rmarkdown
Quitting from lines 268-269 (bibliometrix-vignette.Rmd)
Error: processing vignette 'bibliometrix-vignette.Rmd' failed with diagnostics:
'to' must be a finite number
--- failed re-building ‘bibliometrix-vignette.Rmd’
SUMMARY: processing the following file failed:
‘bibliometrix-vignette.Rmd’
Error: Vignette re-building failed.
Execution halted
Flavor: r-release-linux-x86_64