CRAN Package Check Results for Package biglasso

Last updated on 2020-02-15 01:01:19 CET.

Flavor Version Tinstall Tcheck Ttotal Status Flags
r-devel-linux-x86_64-debian-clang 1.3-7 241.09 71.90 312.99 OK
r-devel-linux-x86_64-debian-gcc 1.3-7 159.02 55.74 214.76 OK
r-devel-linux-x86_64-fedora-clang 1.3-7 463.02 NOTE
r-devel-linux-x86_64-fedora-gcc 1.3-7 432.32 OK
r-devel-windows-ix86+x86_64 1.3-7 498.00 122.00 620.00 OK
r-devel-windows-ix86+x86_64-gcc8 1.3-7 782.00 155.00 937.00 OK
r-patched-linux-x86_64 1.3-7 177.04 63.06 240.10 OK
r-patched-solaris-x86 1.3-7 385.70 OK
r-release-linux-x86_64 1.3-7 178.04 63.58 241.62 OK
r-release-windows-ix86+x86_64 1.3-7 457.00 110.00 567.00 OK
r-release-osx-x86_64 1.3-7 NOTE
r-oldrel-windows-ix86+x86_64 1.3-7 445.00 145.00 590.00 OK
r-oldrel-osx-x86_64 1.3-7 OK

Check Details

Version: 1.3-7
Check: installed package size
Result: NOTE
     installed size is 9.3Mb
     sub-directories of 1Mb or more:
     libs 8.5Mb
Flavors: r-devel-linux-x86_64-fedora-clang, r-release-osx-x86_64