CRAN Package Check Results for Package bigtabulate

Last updated on 2020-02-15 01:01:19 CET.

Flavor Version Tinstall Tcheck Ttotal Status Flags
r-devel-linux-x86_64-debian-clang 1.1.5 22.60 32.64 55.24 OK
r-devel-linux-x86_64-debian-gcc 1.1.5 19.36 25.86 45.22 OK
r-devel-linux-x86_64-fedora-clang 1.1.5 71.68 NOTE
r-devel-linux-x86_64-fedora-gcc 1.1.5 74.88 NOTE
r-devel-windows-ix86+x86_64 1.1.5 49.00 68.00 117.00 WARN
r-devel-windows-ix86+x86_64-gcc8 1.1.5 69.00 99.00 168.00 WARN
r-patched-linux-x86_64 1.1.5 18.78 28.96 47.74 OK
r-patched-solaris-x86 1.1.5 78.50 OK
r-release-linux-x86_64 1.1.5 17.99 29.02 47.01 OK
r-release-windows-ix86+x86_64 1.1.5 46.00 60.00 106.00 OK
r-release-osx-x86_64 1.1.5 OK
r-oldrel-windows-ix86+x86_64 1.1.5 35.00 86.00 121.00 OK
r-oldrel-osx-x86_64 1.1.5 OK

Additional issues

rchk

Check Details

Version: 1.1.5
Check: top-level files
Result: NOTE
     possible bashism in configure line 13 (echo -n):
     echo -n " checking for Sun Studio compiler..."
     possible bashism in configure line 23 (echo -n):
     echo -n " checking for OS..."
Flavors: r-devel-linux-x86_64-fedora-clang, r-devel-linux-x86_64-fedora-gcc

Version: 1.1.5
Check: compiled code
Result: NOTE
    File ‘bigtabulate/libs/bigtabulate.so’:
     Found no calls to: ‘R_registerRoutines’, ‘R_useDynamicSymbols’
    
    It is good practice to register native routines and to disable symbol
    search.
    
    See ‘Writing portable packages’ in the ‘Writing R Extensions’ manual.
Flavors: r-devel-linux-x86_64-fedora-clang, r-devel-linux-x86_64-fedora-gcc

Version: 1.1.5
Check: whether package can be installed
Result: WARN
    Found the following significant warnings:
     D:/RCompile/CRANpkg/lib/4.0/BH/include/boost/interprocess/detail/win32_api.hpp:151:9: warning: ISO C++ prohibits anonymous structs [-Wpedantic]
     D:/RCompile/CRANpkg/lib/4.0/BH/include/boost/interprocess/detail/win32_api.hpp:159:9: warning: ISO C++ prohibits anonymous structs [-Wpedantic]
     D:/RCompile/CRANpkg/lib/4.0/BH/include/boost/interprocess/detail/win32_api.hpp:184:13: warning: ISO C++ prohibits anonymous structs [-Wpedantic]
     D:/RCompile/CRANpkg/lib/4.0/BH/include/boost/interprocess/detail/win32_api.hpp:186:7: warning: ISO C++ prohibits anonymous structs [-Wpedantic]
Flavor: r-devel-windows-ix86+x86_64

Version: 1.1.5
Check: whether package can be installed
Result: WARN
    Found the following significant warnings:
     D:/RCompile/CRANpkg/lib/4.0gcc8/BH/include/boost/interprocess/detail/win32_api.hpp:151:9: warning: ISO C++ prohibits anonymous structs [-Wpedantic]
     D:/RCompile/CRANpkg/lib/4.0gcc8/BH/include/boost/interprocess/detail/win32_api.hpp:159:9: warning: ISO C++ prohibits anonymous structs [-Wpedantic]
     D:/RCompile/CRANpkg/lib/4.0gcc8/BH/include/boost/interprocess/detail/win32_api.hpp:184:13: warning: ISO C++ prohibits anonymous structs [-Wpedantic]
     D:/RCompile/CRANpkg/lib/4.0gcc8/BH/include/boost/interprocess/detail/win32_api.hpp:186:7: warning: ISO C++ prohibits anonymous structs [-Wpedantic]
Flavor: r-devel-windows-ix86+x86_64-gcc8