CRAN Package Check Results for Package birtr

Last updated on 2020-02-15 01:01:19 CET.

Flavor Version Tinstall Tcheck Ttotal Status Flags
r-devel-linux-x86_64-debian-clang 1.0.0 2.48 20.19 22.67 OK
r-devel-linux-x86_64-debian-gcc 1.0.0 1.83 16.07 17.90 OK
r-devel-linux-x86_64-fedora-clang 1.0.0 28.37 OK
r-devel-linux-x86_64-fedora-gcc 1.0.0 26.99 OK
r-devel-windows-ix86+x86_64 1.0.0 6.00 34.00 40.00 OK
r-devel-windows-ix86+x86_64-gcc8 1.0.0 9.00 45.00 54.00 OK
r-patched-linux-x86_64 1.0.0 2.02 18.77 20.79 NOTE
r-patched-solaris-x86 1.0.0 44.50 OK
r-release-linux-x86_64 1.0.0 2.08 18.69 20.77 NOTE
r-release-windows-ix86+x86_64 1.0.0 4.00 35.00 39.00 OK
r-release-osx-x86_64 1.0.0 OK
r-oldrel-windows-ix86+x86_64 1.0.0 2.00 47.00 49.00 OK
r-oldrel-osx-x86_64 1.0.0 OK

Check Details

Version: 1.0.0
Check: DESCRIPTION meta-information
Result: NOTE
    Dependence on R version ‘3.4.1’ not with patchlevel 0
Flavors: r-patched-linux-x86_64, r-release-linux-x86_64