Last updated on 2020-02-15 01:01:19 CET.
Flavor | Version | Tinstall | Tcheck | Ttotal | Status | Flags |
---|---|---|---|---|---|---|
r-devel-linux-x86_64-debian-clang | 0.1 | 9.04 | 78.56 | 87.60 | OK | |
r-devel-linux-x86_64-debian-gcc | 0.1 | 8.10 | 59.92 | 68.02 | OK | |
r-devel-linux-x86_64-fedora-clang | 0.1 | 106.55 | NOTE | |||
r-devel-linux-x86_64-fedora-gcc | 0.1 | 101.55 | NOTE | |||
r-devel-windows-ix86+x86_64 | 0.1 | 17.00 | 89.00 | 106.00 | OK | |
r-devel-windows-ix86+x86_64-gcc8 | 0.1 | 22.00 | 116.00 | 138.00 | OK | |
r-patched-linux-x86_64 | 0.1 | 8.06 | 67.54 | 75.60 | OK | |
r-patched-solaris-x86 | 0.1 | 144.20 | NOTE | |||
r-release-linux-x86_64 | 0.1 | 7.62 | 67.36 | 74.98 | OK | |
r-release-windows-ix86+x86_64 | 0.1 | 15.00 | 75.00 | 90.00 | OK | |
r-release-osx-x86_64 | 0.1 | NOTE | ||||
r-oldrel-windows-ix86+x86_64 | 0.1 | 8.00 | 112.00 | 120.00 | OK | |
r-oldrel-osx-x86_64 | 0.1 | NOTE |
Version: 0.1
Check: dependencies in R code
Result: NOTE
Namespace in Imports field not imported from: ‘MASS’
All declared Imports should be used.
Flavors: r-devel-linux-x86_64-fedora-clang, r-devel-linux-x86_64-fedora-gcc, r-patched-solaris-x86, r-release-osx-x86_64, r-oldrel-osx-x86_64