Last updated on 2020-02-15 01:01:19 CET.
Flavor | Version | Tinstall | Tcheck | Ttotal | Status | Flags |
---|---|---|---|---|---|---|
r-devel-linux-x86_64-debian-clang | 1.0 | 6.58 | 51.55 | 58.13 | NOTE | |
r-devel-linux-x86_64-debian-gcc | 1.0 | 5.12 | 39.94 | 45.06 | NOTE | |
r-devel-linux-x86_64-fedora-clang | 1.0 | 72.62 | NOTE | |||
r-devel-linux-x86_64-fedora-gcc | 1.0 | 66.62 | NOTE | |||
r-devel-windows-ix86+x86_64 | 1.0 | 17.00 | 70.00 | 87.00 | NOTE | |
r-devel-windows-ix86+x86_64-gcc8 | 1.0 | 30.00 | 95.00 | 125.00 | NOTE | |
r-patched-linux-x86_64 | 1.0 | 5.26 | 45.78 | 51.04 | NOTE | |
r-patched-solaris-x86 | 1.0 | 91.00 | NOTE | |||
r-release-linux-x86_64 | 1.0 | 5.39 | 45.27 | 50.66 | NOTE | |
r-release-windows-ix86+x86_64 | 1.0 | 14.00 | 61.00 | 75.00 | NOTE | |
r-release-osx-x86_64 | 1.0 | NOTE | ||||
r-oldrel-windows-ix86+x86_64 | 1.0 | 8.00 | 62.00 | 70.00 | NOTE | |
r-oldrel-osx-x86_64 | 1.0 | NOTE |
Version: 1.0
Check: package dependencies
Result: NOTE
Package suggested but not available for checking: 'bigrf'
Flavors: r-devel-linux-x86_64-debian-clang, r-devel-linux-x86_64-debian-gcc, r-devel-linux-x86_64-fedora-gcc, r-devel-windows-ix86+x86_64, r-devel-windows-ix86+x86_64-gcc8, r-patched-linux-x86_64, r-patched-solaris-x86, r-release-linux-x86_64, r-release-windows-ix86+x86_64, r-release-osx-x86_64, r-oldrel-windows-ix86+x86_64, r-oldrel-osx-x86_64
Version: 1.0
Check: dependencies in R code
Result: NOTE
Missing or unexported object: 'xgboost::predict'
Flavors: r-devel-linux-x86_64-debian-clang, r-devel-linux-x86_64-debian-gcc, r-devel-windows-ix86+x86_64, r-devel-windows-ix86+x86_64-gcc8, r-patched-linux-x86_64, r-release-linux-x86_64, r-release-windows-ix86+x86_64, r-oldrel-windows-ix86+x86_64
Version: 1.0
Check: package vignettes
Result: NOTE
Package vignette with placeholder title 'Vignette Title':
'blkbox_vignette.Rmd'
Flavors: r-devel-linux-x86_64-debian-clang, r-devel-linux-x86_64-debian-gcc, r-devel-windows-ix86+x86_64, r-devel-windows-ix86+x86_64-gcc8
Version: 1.0
Check: package dependencies
Result: NOTE
Package suggested but not available for checking: ‘bigrf’
Imports includes 26 non-default packages.
Importing from so many packages makes the package vulnerable to any of
them becoming unavailable. Move as many as possible to Suggests and
use conditionally.
Flavor: r-devel-linux-x86_64-fedora-clang
Version: 1.0
Check: dependencies in R code
Result: NOTE
Namespaces in Imports field not imported from:
‘glmnet’ ‘gtools’ ‘knitr’ ‘nnet’ ‘parallel’ ‘rJava’ ‘reshape’
‘rmarkdown’ ‘shinyjs’
All declared Imports should be used.
Missing or unexported object: ‘xgboost::predict’
Flavors: r-devel-linux-x86_64-fedora-clang, r-devel-linux-x86_64-fedora-gcc, r-release-osx-x86_64, r-oldrel-osx-x86_64
Version: 1.0
Check: dependencies in R code
Result: NOTE
Invalid maximum heap size: -Xmx4G
The specified size exceeds the maximum representable size.
Namespaces in Imports field not imported from:
‘glmnet’ ‘gtools’ ‘knitr’ ‘nnet’ ‘parallel’ ‘rJava’ ‘reshape’
‘rmarkdown’ ‘shinyjs’
All declared Imports should be used.
Missing or unexported object: ‘xgboost::predict’
Flavor: r-patched-solaris-x86