CRAN Package Check Results for Package brinton

Last updated on 2020-02-15 01:01:19 CET.

Flavor Version Tinstall Tcheck Ttotal Status Flags
r-devel-linux-x86_64-debian-clang 0.1.4 11.87 73.53 85.40 OK
r-devel-linux-x86_64-debian-gcc 0.1.4 10.30 55.80 66.10 OK
r-devel-linux-x86_64-fedora-clang 0.1.4 104.85 NOTE
r-devel-linux-x86_64-fedora-gcc 0.1.4 100.24 NOTE
r-devel-windows-ix86+x86_64 0.1.3 21.00 85.00 106.00 OK
r-devel-windows-ix86+x86_64-gcc8 0.1.3 22.00 128.00 150.00 OK
r-patched-linux-x86_64 0.1.4 12.88 62.87 75.75 OK
r-patched-solaris-x86 0.1.4 134.30 NOTE
r-release-linux-x86_64 0.1.4 9.69 62.93 72.62 OK
r-release-windows-ix86+x86_64 0.1.4 19.00 78.00 97.00 OK
r-release-osx-x86_64 0.1.4 NOTE
r-oldrel-windows-ix86+x86_64 0.1.4 19.00 108.00 127.00 OK
r-oldrel-osx-x86_64 0.1.4 NOTE

Check Details

Version: 0.1.4
Check: dependencies in R code
Result: NOTE
    Namespace in Imports field not imported from: ‘hexbin’
     All declared Imports should be used.
Flavors: r-devel-linux-x86_64-fedora-clang, r-devel-linux-x86_64-fedora-gcc, r-patched-solaris-x86, r-oldrel-osx-x86_64

Version: 0.1.4
Check: dependencies in R code
Result: NOTE
    No protocol specified
    No protocol specified
    Namespace in Imports field not imported from: ‘hexbin’
     All declared Imports should be used.
Flavor: r-release-osx-x86_64