Last updated on 2020-02-15 01:01:19 CET.
Flavor | Version | Tinstall | Tcheck | Ttotal | Status | Flags |
---|---|---|---|---|---|---|
r-devel-linux-x86_64-debian-clang | 2.11.1 | 53.74 | 596.94 | 650.68 | OK | |
r-devel-linux-x86_64-debian-gcc | 2.11.1 | 43.50 | 451.63 | 495.13 | OK | |
r-devel-linux-x86_64-fedora-clang | 2.11.1 | 818.64 | NOTE | |||
r-devel-linux-x86_64-fedora-gcc | 2.11.1 | 752.81 | OK | |||
r-devel-windows-ix86+x86_64 | 2.11.1 | 93.00 | 211.00 | 304.00 | NOTE | --no-examples --no-tests --no-vignettes |
r-devel-windows-ix86+x86_64-gcc8 | 2.11.1 | 117.00 | 205.00 | 322.00 | NOTE | --no-examples --no-tests --no-vignettes |
r-patched-linux-x86_64 | 2.11.1 | 43.70 | 529.66 | 573.36 | OK | |
r-patched-solaris-x86 | 2.11.1 | 991.60 | NOTE | |||
r-release-linux-x86_64 | 2.11.1 | 44.66 | 525.08 | 569.74 | OK | |
r-release-windows-ix86+x86_64 | 2.11.1 | 70.00 | 180.00 | 250.00 | NOTE | --no-examples --no-tests --no-vignettes |
r-release-osx-x86_64 | 2.11.1 | NOTE | ||||
r-oldrel-windows-ix86+x86_64 | 2.11.1 | 58.00 | 262.00 | 320.00 | NOTE | --no-examples --no-tests --no-vignettes |
r-oldrel-osx-x86_64 | 2.11.1 | NOTE |
Version: 2.11.1
Check: installed package size
Result: NOTE
installed size is 6.8Mb
sub-directories of 1Mb or more:
R 3.2Mb
doc 2.6Mb
Flavors: r-devel-linux-x86_64-fedora-clang, r-patched-solaris-x86, r-release-osx-x86_64, r-oldrel-osx-x86_64
Version: 2.11.1
Flags: --no-examples --no-tests --no-vignettes
Check: installed package size
Result: NOTE
installed size is 6.7Mb
sub-directories of 1Mb or more:
R 3.2Mb
doc 2.6Mb
Flavors: r-devel-windows-ix86+x86_64, r-devel-windows-ix86+x86_64-gcc8, r-release-windows-ix86+x86_64, r-oldrel-windows-ix86+x86_64