CRAN Package Check Results for Package bvls

Last updated on 2020-02-15 01:01:20 CET.

Flavor Version Tinstall Tcheck Ttotal Status Flags
r-devel-linux-x86_64-debian-clang 1.4 2.82 17.24 20.06 NOTE
r-devel-linux-x86_64-debian-gcc 1.4 2.22 13.80 16.02 NOTE
r-devel-linux-x86_64-fedora-clang 1.4 25.82 NOTE
r-devel-linux-x86_64-fedora-gcc 1.4 24.42 NOTE
r-devel-windows-ix86+x86_64 1.4 8.00 34.00 42.00 NOTE
r-devel-windows-ix86+x86_64-gcc8 1.4 12.00 44.00 56.00 NOTE
r-patched-linux-x86_64 1.4 2.36 16.43 18.79 NOTE
r-patched-solaris-x86 1.4 39.30 NOTE
r-release-linux-x86_64 1.4 2.31 16.18 18.49 NOTE
r-release-windows-ix86+x86_64 1.4 7.00 46.00 53.00 NOTE
r-release-osx-x86_64 1.4 NOTE
r-oldrel-windows-ix86+x86_64 1.4 5.00 31.00 36.00 NOTE
r-oldrel-osx-x86_64 1.4 NOTE

Check Details

Version: 1.4
Check: DESCRIPTION meta-information
Result: NOTE
    Malformed Description field: should contain one or more complete sentences.
Flavors: r-devel-linux-x86_64-debian-clang, r-devel-linux-x86_64-debian-gcc, r-devel-linux-x86_64-fedora-clang, r-devel-linux-x86_64-fedora-gcc, r-devel-windows-ix86+x86_64, r-devel-windows-ix86+x86_64-gcc8, r-patched-linux-x86_64, r-patched-solaris-x86, r-release-linux-x86_64, r-release-windows-ix86+x86_64, r-release-osx-x86_64, r-oldrel-windows-ix86+x86_64, r-oldrel-osx-x86_64

Version: 1.4
Check: compiled code
Result: NOTE
    File ‘bvls/libs/bvls.so’:
     Found no calls to: ‘R_registerRoutines’, ‘R_useDynamicSymbols’
    
    It is good practice to register native routines and to disable symbol
    search.
    
    See ‘Writing portable packages’ in the ‘Writing R Extensions’ manual.
Flavors: r-devel-linux-x86_64-fedora-clang, r-devel-linux-x86_64-fedora-gcc