CRAN Package Check Results for Package car

Last updated on 2020-02-15 01:01:20 CET.

Flavor Version Tinstall Tcheck Ttotal Status Flags
r-devel-linux-x86_64-debian-clang 3.0-6 21.61 144.16 165.77 OK
r-devel-linux-x86_64-debian-gcc 3.0-6 17.92 107.93 125.85 OK
r-devel-linux-x86_64-fedora-clang 3.0-6 194.63 OK
r-devel-linux-x86_64-fedora-gcc 3.0-6 189.36 OK
r-devel-windows-ix86+x86_64 3.0-6 36.00 162.00 198.00 OK
r-devel-windows-ix86+x86_64-gcc8 3.0-6 47.00 221.00 268.00 OK
r-patched-linux-x86_64 3.0-6 19.20 127.73 146.93 OK
r-patched-solaris-x86 3.0-6 225.00 OK
r-release-linux-x86_64 3.0-6 18.46 126.60 145.06 OK
r-release-windows-ix86+x86_64 3.0-6 27.00 145.00 172.00 OK
r-release-osx-x86_64 3.0-6 NOTE
r-oldrel-windows-ix86+x86_64 3.0-6 24.00 126.00 150.00 OK
r-oldrel-osx-x86_64 3.0-6 NOTE

Check Details

Version: 3.0-6
Check: dependencies in R code
Result: NOTE
    No protocol specified
Flavors: r-release-osx-x86_64, r-oldrel-osx-x86_64