Last updated on 2020-02-15 01:01:20 CET.
Flavor | Version | Tinstall | Tcheck | Ttotal | Status | Flags |
---|---|---|---|---|---|---|
r-devel-linux-x86_64-debian-clang | 1.0.0 | 8.81 | 227.75 | 236.56 | OK | |
r-devel-linux-x86_64-debian-gcc | 1.0.0 | 6.94 | 183.72 | 190.66 | OK | |
r-devel-linux-x86_64-fedora-clang | 1.0.0 | 151.87 | NOTE | |||
r-devel-linux-x86_64-fedora-gcc | 1.0.0 | 146.27 | NOTE | |||
r-devel-windows-ix86+x86_64 | 1.0.0 | 30.00 | 143.00 | 173.00 | OK | |
r-devel-windows-ix86+x86_64-gcc8 | 1.0.0 | 45.00 | 209.00 | 254.00 | OK | |
r-patched-linux-x86_64 | 1.0.0 | 7.18 | 218.87 | 226.05 | OK | |
r-patched-solaris-x86 | 1.0.0 | 183.80 | WARN | |||
r-release-linux-x86_64 | 1.0.0 | 8.37 | 217.90 | 226.27 | OK | |
r-release-windows-ix86+x86_64 | 1.0.0 | 23.00 | 122.00 | 145.00 | OK | |
r-release-osx-x86_64 | 1.0.0 | WARN | ||||
r-oldrel-windows-ix86+x86_64 | 1.0.0 | 15.00 | 122.00 | 137.00 | OK | |
r-oldrel-osx-x86_64 | 1.0.0 | WARN |
Version: 1.0.0
Check: installed package size
Result: NOTE
installed size is 5.0Mb
sub-directories of 1Mb or more:
doc 4.4Mb
Flavors: r-devel-linux-x86_64-fedora-clang, r-patched-solaris-x86
Version: 1.0.0
Check: dependencies in R code
Result: NOTE
Namespace in Imports field not imported from: ‘g.data’
All declared Imports should be used.
Flavors: r-devel-linux-x86_64-fedora-clang, r-devel-linux-x86_64-fedora-gcc, r-patched-solaris-x86, r-release-osx-x86_64, r-oldrel-osx-x86_64
Version: 1.0.0
Check: re-building of vignette outputs
Result: WARN
Error(s) in re-building vignettes:
...
--- re-building ‘cartograflow.Rmd’ using rmarkdown
Warning in engine$weave(file, quiet = quiet, encoding = enc) :
Pandoc (>= 1.12.3) and/or pandoc-citeproc not available. Falling back to R Markdown v1.
Attaching package: 'dplyr'
The following objects are masked from 'package:stats':
filter, lag
The following objects are masked from 'package:base':
intersect, setdiff, setequal, union
Quitting from lines 451-480 (cartograflow.Rmd)
Error: processing vignette 'cartograflow.Rmd' failed with diagnostics:
there is no package called 'webshot'
--- failed re-building ‘cartograflow.Rmd’
SUMMARY: processing the following file failed:
‘cartograflow.Rmd’
Error: Vignette re-building failed.
Execution halted
Flavor: r-patched-solaris-x86
Version: 1.0.0
Check: re-building of vignette outputs
Result: WARN
Error(s) in re-building vignettes:
--- re-building ‘cartograflow.Rmd’ using rmarkdown
Warning in engine$weave(file, quiet = quiet, encoding = enc) :
Pandoc (>= 1.12.3) and/or pandoc-citeproc not available. Falling back to R Markdown v1.
Attaching package: 'dplyr'
The following objects are masked from 'package:stats':
filter, lag
The following objects are masked from 'package:base':
intersect, setdiff, setequal, union
Warning in normalizePath(f2) :
path[1]="webshot87bf53b79c.png": No such file or directory
Warning in file(con, "rb") :
cannot open file 'webshot87bf53b79c.png': No such file or directory
Quitting from lines 451-480 (cartograflow.Rmd)
Error: processing vignette 'cartograflow.Rmd' failed with diagnostics:
cannot open the connection
--- failed re-building ‘cartograflow.Rmd’
SUMMARY: processing the following file failed:
‘cartograflow.Rmd’
Error: Vignette re-building failed.
Execution halted
Flavor: r-release-osx-x86_64
Version: 1.0.0
Check: re-building of vignette outputs
Result: WARN
Error in re-building vignettes:
...
Warning in engine$weave(file, quiet = quiet, encoding = enc) :
Pandoc (>= 1.12.3) and/or pandoc-citeproc not available. Falling back to R Markdown v1.
Attaching package: 'dplyr'
The following objects are masked from 'package:stats':
filter, lag
The following objects are masked from 'package:base':
intersect, setdiff, setequal, union
Warning in normalizePath(f2) :
path[1]="webshot343f5bedf511.png": No such file or directory
Warning in file(con, "rb") :
cannot open file 'webshot343f5bedf511.png': No such file or directory
Quitting from lines 451-480 (cartograflow.Rmd)
Error: processing vignette 'cartograflow.Rmd' failed with diagnostics:
cannot open the connection
Execution halted
Flavor: r-oldrel-osx-x86_64