CRAN Package Check Results for Package catnet

Last updated on 2020-02-15 01:01:20 CET.

Flavor Version Tinstall Tcheck Ttotal Status Flags
r-devel-linux-x86_64-debian-clang 1.15.5 34.54 71.13 105.67 NOTE
r-devel-linux-x86_64-debian-gcc 1.15.5 26.52 54.90 81.42 WARN
r-devel-linux-x86_64-fedora-clang 1.15.5 123.76 NOTE
r-devel-linux-x86_64-fedora-gcc 1.15.5 126.03 WARN
r-devel-windows-ix86+x86_64 1.15.5 74.00 212.00 286.00 OK
r-devel-windows-ix86+x86_64-gcc8 1.15.5 110.00 255.00 365.00 OK
r-patched-linux-x86_64 1.15.5 32.99 65.78 98.77 OK
r-patched-solaris-x86 1.15.5 168.30 OK
r-release-linux-x86_64 1.15.5 30.97 64.68 95.65 OK
r-release-windows-ix86+x86_64 1.15.5 78.00 254.00 332.00 OK
r-release-osx-x86_64 1.15.5 OK
r-oldrel-windows-ix86+x86_64 1.15.5 67.00 208.00 275.00 OK
r-oldrel-osx-x86_64 1.15.5 OK

Additional issues

LTO rchk

Check Details

Version: 1.15.5
Check: for non-standard things in the check directory
Result: NOTE
    Found the following files/directories:
     'cnet.dot'
Flavors: r-devel-linux-x86_64-debian-clang, r-devel-linux-x86_64-debian-gcc, r-devel-linux-x86_64-fedora-clang, r-devel-linux-x86_64-fedora-gcc

Version: 1.15.5
Check: whether package can be installed
Result: WARN
    Found the following significant warnings:
     catnet_rexport.cpp:207:63: warning: passing argument 1 to restrict-qualified parameter aliases with argument 3 [-Wrestrict]
     catnet_rexport.cpp:211:34: warning: passing argument 1 to restrict-qualified parameter aliases with argument 3 [-Wrestrict]
     catnet_rexport.cpp:218:45: warning: passing argument 1 to restrict-qualified parameter aliases with argument 3 [-Wrestrict]
     catnet_rexport.cpp:221:65: warning: passing argument 1 to restrict-qualified parameter aliases with argument 3 [-Wrestrict]
     catnet_rexport.cpp:222:36: warning: passing argument 1 to restrict-qualified parameter aliases with argument 3 [-Wrestrict]
     catnet_rexport.cpp:225:36: warning: passing argument 1 to restrict-qualified parameter aliases with argument 3 [-Wrestrict]
     catnet_rexport.cpp:236:63: warning: passing argument 1 to restrict-qualified parameter aliases with argument 3 [-Wrestrict]
     catnet_rexport.cpp:237:36: warning: passing argument 1 to restrict-qualified parameter aliases with argument 3 [-Wrestrict]
     rcatnet.cpp:368:104: warning: passing argument 1 to restrict-qualified parameter aliases with argument 3 [-Wrestrict]
Flavors: r-devel-linux-x86_64-debian-gcc, r-devel-linux-x86_64-fedora-gcc