CRAN Package Check Results for Package ceg

Last updated on 2020-02-15 01:01:20 CET.

Flavor Version Tinstall Tcheck Ttotal Status Flags
r-devel-linux-x86_64-debian-clang 0.1.0 9.01 50.54 59.55 NOTE
r-devel-linux-x86_64-debian-gcc 0.1.0 6.28 40.40 46.68 NOTE
r-devel-linux-x86_64-fedora-clang 0.1.0 72.22 NOTE
r-devel-linux-x86_64-fedora-gcc 0.1.0 70.72 NOTE
r-devel-windows-ix86+x86_64 0.1.0 14.00 64.00 78.00 OK
r-devel-windows-ix86+x86_64-gcc8 0.1.0 21.00 88.00 109.00 OK
r-patched-linux-x86_64 0.1.0 6.87 45.37 52.24 OK
r-patched-solaris-x86 0.1.0 97.00 OK
r-release-linux-x86_64 0.1.0 6.15 45.45 51.60 OK
r-release-windows-ix86+x86_64 0.1.0 12.00 60.00 72.00 OK
r-release-osx-x86_64 0.1.0 OK
r-oldrel-windows-ix86+x86_64 0.1.0 9.00 81.00 90.00 OK
r-oldrel-osx-x86_64 0.1.0 OK

Check Details

Version: 0.1.0
Check: for non-standard things in the check directory
Result: NOTE
    Found the following files/directories:
     'figure01ceg.pdf' 'figure02ceg.pdf' 'staged.tree.graph.pdf'
     'stratified-event-tree-plot.pdf'
Flavors: r-devel-linux-x86_64-debian-clang, r-devel-linux-x86_64-debian-gcc, r-devel-linux-x86_64-fedora-clang, r-devel-linux-x86_64-fedora-gcc