CRAN Package Check Results for Package chronosphere

Last updated on 2020-02-15 01:01:20 CET.

Flavor Version Tinstall Tcheck Ttotal Status Flags
r-devel-linux-x86_64-debian-clang 0.2.0 26.35 153.60 179.95 WARN
r-devel-linux-x86_64-debian-gcc 0.2.0 22.80 116.68 139.48 WARN
r-devel-linux-x86_64-fedora-clang 0.2.0 224.21 WARN
r-devel-linux-x86_64-fedora-gcc 0.2.0 220.26 WARN
r-devel-windows-ix86+x86_64 0.2.0 40.00 154.00 194.00 OK
r-devel-windows-ix86+x86_64-gcc8 0.2.0 56.00 194.00 250.00 OK
r-patched-linux-x86_64 0.2.0 20.59 135.26 155.85 WARN
r-patched-solaris-x86 0.2.0 273.70 WARN
r-release-linux-x86_64 0.2.0 24.28 135.19 159.47 OK
r-release-windows-ix86+x86_64 0.2.0 34.00 139.00 173.00 OK
r-release-osx-x86_64 0.2.0 OK
r-oldrel-windows-ix86+x86_64 0.2.0 30.00 123.00 153.00 OK
r-oldrel-osx-x86_64 0.2.0 OK

Check Details

Version: 0.2.0
Check: Rd \usage sections
Result: WARN
    Documented arguments not in \usage in documentation object 'minValue,RasterArray-method':
     '...'
    
    Functions with \usage entries need to have the appropriate \alias
    entries, and all their arguments documented.
    The \usage entries must correspond to syntactically valid R code.
    See chapter 'Writing R documentation files' in the 'Writing R
    Extensions' manual.
Flavors: r-devel-linux-x86_64-debian-clang, r-devel-linux-x86_64-debian-gcc, r-devel-linux-x86_64-fedora-clang, r-devel-linux-x86_64-fedora-gcc, r-patched-linux-x86_64, r-patched-solaris-x86