CRAN Package Check Results for Package clustDRM

Last updated on 2020-02-15 01:01:20 CET.

Flavor Version Tinstall Tcheck Ttotal Status Flags
r-devel-linux-x86_64-debian-clang 0.1-0 25.47 165.05 190.52 OK
r-devel-linux-x86_64-debian-gcc 0.1-0 20.09 125.13 145.22 OK
r-devel-linux-x86_64-fedora-clang 0.1-0 224.33 NOTE
r-devel-linux-x86_64-fedora-gcc 0.1-0 216.64 NOTE
r-devel-windows-ix86+x86_64 0.1-0 43.00 161.00 204.00 OK
r-devel-windows-ix86+x86_64-gcc8 0.1-0 64.00 209.00 273.00 OK
r-patched-linux-x86_64 0.1-0 21.45 145.85 167.30 OK
r-patched-solaris-x86 0.1-0 317.40 NOTE
r-release-linux-x86_64 0.1-0 19.25 147.20 166.45 OK
r-release-windows-ix86+x86_64 0.1-0 40.00 146.00 186.00 OK
r-release-osx-x86_64 0.1-0 ERROR
r-oldrel-windows-ix86+x86_64 0.1-0 19.00 131.00 150.00 OK
r-oldrel-osx-x86_64 0.1-0 ERROR

Check Details

Version: 0.1-0
Check: dependencies in R code
Result: NOTE
    Namespace in Imports field not imported from: ‘DT’
     All declared Imports should be used.
Flavors: r-devel-linux-x86_64-fedora-clang, r-devel-linux-x86_64-fedora-gcc, r-patched-solaris-x86

Version: 0.1-0
Check: package dependencies
Result: ERROR
    Package required but not available: ‘IsoGene’
    
    See section ‘The DESCRIPTION file’ in the ‘Writing R Extensions’
    manual.
Flavors: r-release-osx-x86_64, r-oldrel-osx-x86_64