CRAN Package Check Results for Package clustertend

Last updated on 2020-02-15 01:01:20 CET.

Flavor Version Tinstall Tcheck Ttotal Status Flags
r-devel-linux-x86_64-debian-clang 1.4 1.68 17.16 18.84 NOTE
r-devel-linux-x86_64-debian-gcc 1.4 1.50 13.73 15.23 NOTE
r-devel-linux-x86_64-fedora-clang 1.4 24.09 NOTE
r-devel-linux-x86_64-fedora-gcc 1.4 22.96 NOTE
r-devel-windows-ix86+x86_64 1.4 5.00 28.00 33.00 NOTE
r-devel-windows-ix86+x86_64-gcc8 1.4 7.00 35.00 42.00 NOTE
r-patched-linux-x86_64 1.4 1.30 15.69 16.99 NOTE
r-patched-solaris-x86 1.4 34.20 NOTE
r-release-linux-x86_64 1.4 1.28 15.59 16.87 NOTE
r-release-windows-ix86+x86_64 1.4 3.00 40.00 43.00 NOTE
r-release-osx-x86_64 1.4 NOTE
r-oldrel-windows-ix86+x86_64 1.4 2.00 24.00 26.00 NOTE
r-oldrel-osx-x86_64 1.4 NOTE

Check Details

Version: 1.4
Check: R code for possible problems
Result: NOTE
    hopkins: no visible global function definition for 'runif'
    hopkins: no visible global function definition for 'dist'
    Undefined global functions or variables:
     dist runif
    Consider adding
     importFrom("stats", "dist", "runif")
    to your NAMESPACE file.
Flavors: r-devel-linux-x86_64-debian-clang, r-devel-linux-x86_64-debian-gcc, r-devel-linux-x86_64-fedora-clang, r-devel-linux-x86_64-fedora-gcc, r-devel-windows-ix86+x86_64, r-devel-windows-ix86+x86_64-gcc8, r-patched-linux-x86_64, r-patched-solaris-x86, r-release-linux-x86_64, r-release-windows-ix86+x86_64, r-release-osx-x86_64, r-oldrel-windows-ix86+x86_64, r-oldrel-osx-x86_64