Last updated on 2020-02-15 01:01:21 CET.
Flavor | Version | Tinstall | Tcheck | Ttotal | Status | Flags |
---|---|---|---|---|---|---|
r-devel-linux-x86_64-debian-clang | 2.2-0 | 8.77 | 56.46 | 65.23 | OK | |
r-devel-linux-x86_64-debian-gcc | 2.2-0 | 7.09 | 44.19 | 51.28 | OK | |
r-devel-linux-x86_64-fedora-clang | 2.2-0 | 80.55 | NOTE | |||
r-devel-linux-x86_64-fedora-gcc | 2.2-0 | 78.07 | NOTE | |||
r-devel-windows-ix86+x86_64 | 2.2-0 | 20.00 | 89.00 | 109.00 | OK | |
r-devel-windows-ix86+x86_64-gcc8 | 2.2-0 | 24.00 | 117.00 | 141.00 | OK | |
r-patched-linux-x86_64 | 2.2-0 | 7.68 | 50.44 | 58.12 | OK | |
r-patched-solaris-x86 | 2.2-0 | 109.90 | OK | |||
r-release-linux-x86_64 | 2.2-0 | 7.90 | 50.06 | 57.96 | OK | |
r-release-windows-ix86+x86_64 | 2.2-0 | 17.00 | 77.00 | 94.00 | OK | |
r-release-osx-x86_64 | 2.2-0 | OK | ||||
r-oldrel-windows-ix86+x86_64 | 2.2-0 | 11.00 | 111.00 | 122.00 | OK | |
r-oldrel-osx-x86_64 | 2.2-0 | OK |
Version: 2.2-0
Check: compiled code
Result: NOTE
File ‘coenoflex/libs/coenoflex.so’:
Found no calls to: ‘R_registerRoutines’, ‘R_useDynamicSymbols’
It is good practice to register native routines and to disable symbol
search.
See ‘Writing portable packages’ in the ‘Writing R Extensions’ manual.
Flavors: r-devel-linux-x86_64-fedora-clang, r-devel-linux-x86_64-fedora-gcc