Last updated on 2020-02-15 01:01:21 CET.
Flavor | Version | Tinstall | Tcheck | Ttotal | Status | Flags |
---|---|---|---|---|---|---|
r-devel-linux-x86_64-debian-clang | 0.1.0 | 10.48 | 98.15 | 108.63 | OK | |
r-devel-linux-x86_64-debian-gcc | 0.1.0 | 9.26 | 73.55 | 82.81 | OK | |
r-devel-linux-x86_64-fedora-clang | 0.1.0 | 108.82 | OK | |||
r-devel-linux-x86_64-fedora-gcc | 0.1.0 | 105.64 | OK | |||
r-devel-windows-ix86+x86_64 | 0.1.0 | 27.00 | 104.00 | 131.00 | OK | |
r-devel-windows-ix86+x86_64-gcc8 | 0.1.0 | 36.00 | 145.00 | 181.00 | OK | |
r-patched-linux-x86_64 | 0.1.0 | 10.07 | 88.48 | 98.55 | OK | |
r-release-linux-x86_64 | 0.1.0 | 10.31 | 87.96 | 98.27 | OK | |
r-release-windows-ix86+x86_64 | 0.1.0 | 20.00 | 93.00 | 113.00 | OK | |
r-release-osx-x86_64 | 0.1.0 | WARN | ||||
r-oldrel-osx-x86_64 | 0.1.0 | ERROR |
Version: 0.1.0
Check: re-building of vignette outputs
Result: WARN
Error(s) in re-building vignettes:
...
--- re-building ‘Vignette.Rmd’ using rmarkdown
Warning in engine$weave(file, quiet = quiet, encoding = enc) :
Pandoc (>= 1.12.3) and/or pandoc-citeproc not available. Falling back to R Markdown v1.
Loading required package: Epi
Quitting from lines 36-38 (Vignette.Rmd)
Error: processing vignette 'Vignette.Rmd' failed with diagnostics:
cannot open the connection
--- failed re-building ‘Vignette.Rmd’
SUMMARY: processing the following file failed:
‘Vignette.Rmd’
Error: Vignette re-building failed.
Execution halted
Flavor: r-release-osx-x86_64
Version: 0.1.0
Check: whether package can be installed
Result: ERROR
Installation failed.
Flavor: r-oldrel-osx-x86_64