Last updated on 2020-02-15 01:01:21 CET.
Flavor | Version | Tinstall | Tcheck | Ttotal | Status | Flags |
---|---|---|---|---|---|---|
r-devel-linux-x86_64-debian-clang | 0.1.2 | 4.45 | 51.10 | 55.55 | OK | |
r-devel-linux-x86_64-debian-gcc | 0.1.2 | 3.80 | 38.93 | 42.73 | OK | |
r-devel-linux-x86_64-fedora-clang | 0.1.2 | 66.71 | NOTE | |||
r-devel-linux-x86_64-fedora-gcc | 0.1.2 | 64.58 | NOTE | |||
r-devel-windows-ix86+x86_64 | 0.1.2 | 12.00 | 68.00 | 80.00 | OK | |
r-devel-windows-ix86+x86_64-gcc8 | 0.1.2 | 13.00 | 91.00 | 104.00 | OK | |
r-patched-linux-x86_64 | 0.1.2 | 2.88 | 45.14 | 48.02 | OK | |
r-patched-solaris-x86 | 0.1.2 | 84.50 | NOTE | |||
r-release-linux-x86_64 | 0.1.2 | 3.64 | 44.04 | 47.68 | OK | |
r-release-windows-ix86+x86_64 | 0.1.2 | 10.00 | 62.00 | 72.00 | OK | |
r-release-osx-x86_64 | 0.1.2 | NOTE | ||||
r-oldrel-windows-ix86+x86_64 | 0.1.2 | 6.00 | 63.00 | 69.00 | OK | |
r-oldrel-osx-x86_64 | 0.1.2 | NOTE |
Version: 0.1.2
Check: dependencies in R code
Result: NOTE
Namespaces in Imports field not imported from:
‘grid’ ‘gridExtra’
All declared Imports should be used.
Flavors: r-devel-linux-x86_64-fedora-clang, r-devel-linux-x86_64-fedora-gcc, r-patched-solaris-x86, r-release-osx-x86_64, r-oldrel-osx-x86_64