CRAN Package Check Results for Package colourvalues

Last updated on 2020-02-15 01:01:21 CET.

Flavor Version Tinstall Tcheck Ttotal Status Flags
r-devel-linux-x86_64-debian-clang 0.3.2 96.49 30.68 127.17 OK
r-devel-linux-x86_64-debian-gcc 0.3.2 95.81 24.17 119.98 OK
r-devel-linux-x86_64-fedora-clang 0.3.2 178.37 NOTE
r-devel-linux-x86_64-fedora-gcc 0.3.2 256.70 OK
r-devel-windows-ix86+x86_64 0.3.2 196.00 78.00 274.00 OK
r-devel-windows-ix86+x86_64-gcc8 0.3.2 256.00 97.00 353.00 NOTE
r-patched-linux-x86_64 0.3.2 107.13 27.98 135.11 OK
r-patched-solaris-x86 0.3.2 168.10 OK
r-release-linux-x86_64 0.3.2 109.66 28.15 137.81 OK
r-release-windows-ix86+x86_64 0.3.2 180.00 71.00 251.00 OK
r-release-osx-x86_64 0.3.2 NOTE
r-oldrel-windows-ix86+x86_64 0.3.2 187.00 74.00 261.00 OK
r-oldrel-osx-x86_64 0.3.2 NOTE

Check Details

Version: 0.3.2
Check: installed package size
Result: NOTE
     installed size is 8.6Mb
     sub-directories of 1Mb or more:
     libs 7.4Mb
Flavors: r-devel-linux-x86_64-fedora-clang, r-devel-windows-ix86+x86_64-gcc8, r-release-osx-x86_64, r-oldrel-osx-x86_64