Last updated on 2020-02-15 01:01:21 CET.
Flavor | Version | Tinstall | Tcheck | Ttotal | Status | Flags |
---|---|---|---|---|---|---|
r-devel-linux-x86_64-debian-clang | 4.2.0 | 25.02 | 244.68 | 269.70 | OK | |
r-devel-linux-x86_64-debian-gcc | 4.2.0 | 21.31 | 181.12 | 202.43 | OK | |
r-devel-linux-x86_64-fedora-clang | 4.2.0 | 323.20 | OK | |||
r-devel-linux-x86_64-fedora-gcc | 4.2.0 | 312.43 | OK | |||
r-devel-windows-ix86+x86_64 | 4.2.0 | 52.00 | 277.00 | 329.00 | OK | |
r-devel-windows-ix86+x86_64-gcc8 | 4.2.0 | 80.00 | 446.00 | 526.00 | OK | |
r-patched-linux-x86_64 | 4.2.0 | 20.66 | 213.55 | 234.21 | OK | |
r-patched-solaris-x86 | 4.2.0 | 438.70 | NOTE | |||
r-release-linux-x86_64 | 4.2.0 | 20.82 | 215.59 | 236.41 | OK | |
r-release-windows-ix86+x86_64 | 4.2.0 | 42.00 | 260.00 | 302.00 | OK | |
r-release-osx-x86_64 | 4.2.0 | NOTE | ||||
r-oldrel-windows-ix86+x86_64 | 4.2.0 | 34.00 | 226.00 | 260.00 | OK | |
r-oldrel-osx-x86_64 | 4.2.0 | NOTE |
Version: 4.2.0
Check: installed package size
Result: NOTE
installed size is 5.3Mb
sub-directories of 1Mb or more:
doc 2.3Mb
Flavor: r-patched-solaris-x86
Version: 4.2.0
Check: dependencies in R code
Result: NOTE
No protocol specified
No protocol specified
Flavors: r-release-osx-x86_64, r-oldrel-osx-x86_64