CRAN Package Check Results for Package contact

Last updated on 2020-02-15 01:01:21 CET.

Flavor Version Tinstall Tcheck Ttotal Status Flags
r-devel-linux-x86_64-debian-clang 1.0.1 12.74 241.02 253.76 OK
r-devel-linux-x86_64-debian-gcc 1.0.1 10.16 166.57 176.73 OK
r-devel-linux-x86_64-fedora-clang 1.0.1 291.09 NOTE
r-devel-linux-x86_64-fedora-gcc 1.0.1 277.11 NOTE
r-devel-windows-ix86+x86_64 1.0.1 18.00 272.00 290.00 OK
r-devel-windows-ix86+x86_64-gcc8 1.0.1 24.00 330.00 354.00 OK
r-patched-linux-x86_64 1.0.1 10.84 208.35 219.19 OK
r-patched-solaris-x86 1.0.1 338.20 NOTE
r-release-linux-x86_64 1.0.1 10.18 210.15 220.33 OK
r-release-windows-ix86+x86_64 1.0.1 15.00 248.00 263.00 OK
r-release-osx-x86_64 1.0.1 NOTE
r-oldrel-osx-x86_64 1.0.1 ERROR

Check Details

Version: 1.0.1
Check: dependencies in R code
Result: NOTE
    Namespaces in Imports field not imported from:
     ‘geosphere’ ‘igraph’ ‘methods’ ‘rgdal’ ‘sf’
     All declared Imports should be used.
Flavors: r-devel-linux-x86_64-fedora-clang, r-devel-linux-x86_64-fedora-gcc, r-patched-solaris-x86, r-release-osx-x86_64

Version: 1.0.1
Check: package dependencies
Result: ERROR
    Packages required and available but unsuitable versions:
     ‘methods’ ‘parallel’ ‘stats’
    
    See section ‘The DESCRIPTION file’ in the ‘Writing R Extensions’
    manual.
Flavor: r-oldrel-osx-x86_64