CRAN Package Check Results for Package corTest

Last updated on 2020-02-15 01:01:21 CET.

Flavor Version Tinstall Tcheck Ttotal Status Flags
r-devel-linux-x86_64-debian-clang 0.9.8 2.23 20.54 22.77 OK
r-devel-linux-x86_64-debian-gcc 0.9.8 1.86 16.25 18.11 OK
r-devel-linux-x86_64-fedora-clang 0.9.8 29.63 NOTE
r-devel-linux-x86_64-fedora-gcc 0.9.8 27.57 NOTE
r-devel-windows-ix86+x86_64 0.9.8 6.00 35.00 41.00 OK
r-devel-windows-ix86+x86_64-gcc8 0.9.8 9.00 42.00 51.00 OK
r-patched-linux-x86_64 0.9.8 1.82 18.78 20.60 OK
r-patched-solaris-x86 0.9.8 39.60 NOTE
r-release-linux-x86_64 0.9.8 1.73 18.91 20.64 OK
r-release-windows-ix86+x86_64 0.9.8 4.00 33.00 37.00 OK
r-release-osx-x86_64 0.9.8 NOTE
r-oldrel-windows-ix86+x86_64 0.9.8 3.00 49.00 52.00 OK
r-oldrel-osx-x86_64 0.9.8 NOTE

Check Details

Version: 0.9.8
Check: dependencies in R code
Result: NOTE
    Namespace in Imports field not imported from: ‘graphics’
     All declared Imports should be used.
Flavors: r-devel-linux-x86_64-fedora-clang, r-devel-linux-x86_64-fedora-gcc, r-patched-solaris-x86, r-release-osx-x86_64, r-oldrel-osx-x86_64