CRAN Package Check Results for Package corrcoverage

Last updated on 2020-02-15 01:01:21 CET.

Flavor Version Tinstall Tcheck Ttotal Status Flags
r-devel-linux-x86_64-debian-clang 1.2.1 21.28 79.49 100.77 OK
r-devel-linux-x86_64-debian-gcc 1.2.1 16.27 58.33 74.60 OK
r-devel-linux-x86_64-fedora-clang 1.2.1 131.69 NOTE
r-devel-linux-x86_64-fedora-gcc 1.2.1 117.23 NOTE
r-devel-windows-ix86+x86_64 1.1.0 39.00 183.00 222.00 NOTE
r-devel-windows-ix86+x86_64-gcc8 1.1.0 41.00 136.00 177.00 NOTE
r-patched-linux-x86_64 1.2.1 17.21 69.50 86.71 OK
r-patched-solaris-x86 1.2.1 163.80 NOTE
r-release-linux-x86_64 1.2.1 18.89 69.80 88.69 OK
r-release-windows-ix86+x86_64 1.1.0 53.00 136.00 189.00 NOTE
r-release-osx-x86_64 1.2.1 NOTE
r-oldrel-windows-ix86+x86_64 1.1.0 34.00 175.00 209.00 NOTE
r-oldrel-osx-x86_64 1.2.1 NOTE

Check Details

Version: 1.2.1
Check: dependencies in R code
Result: NOTE
    Namespace in Imports field not imported from: ‘data.table’
     All declared Imports should be used.
Flavors: r-devel-linux-x86_64-fedora-clang, r-devel-linux-x86_64-fedora-gcc, r-patched-solaris-x86, r-release-osx-x86_64, r-oldrel-osx-x86_64

Version: 1.1.0
Check: installed package size
Result: NOTE
     installed size is 5.1Mb
     sub-directories of 1Mb or more:
     extdata 3.2Mb
     libs 1.5Mb
Flavors: r-devel-windows-ix86+x86_64, r-devel-windows-ix86+x86_64-gcc8, r-release-windows-ix86+x86_64, r-oldrel-windows-ix86+x86_64