Last updated on 2020-02-15 01:01:21 CET.
Flavor | Version | Tinstall | Tcheck | Ttotal | Status | Flags |
---|---|---|---|---|---|---|
r-devel-linux-x86_64-debian-clang | 0.1.0 | 13.98 | 155.70 | 169.68 | OK | |
r-devel-linux-x86_64-debian-gcc | 0.1.0 | 12.53 | 118.51 | 131.04 | OK | |
r-devel-linux-x86_64-fedora-clang | 0.1.0 | 204.33 | NOTE | |||
r-devel-linux-x86_64-fedora-gcc | 0.1.0 | 198.38 | NOTE | |||
r-devel-windows-ix86+x86_64 | 0.1.0 | 34.00 | 158.00 | 192.00 | NOTE | |
r-devel-windows-ix86+x86_64-gcc8 | 0.1.0 | 47.00 | 227.00 | 274.00 | NOTE | |
r-patched-linux-x86_64 | 0.1.0 | 10.84 | 137.03 | 147.87 | OK | |
r-patched-solaris-x86 | 0.1.0 | 276.90 | NOTE | |||
r-release-linux-x86_64 | 0.1.0 | 11.87 | 137.04 | 148.91 | OK | |
r-release-windows-ix86+x86_64 | 0.1.0 | 25.00 | 146.00 | 171.00 | NOTE | |
r-release-osx-x86_64 | 0.1.0 | NOTE | ||||
r-oldrel-windows-ix86+x86_64 | 0.1.0 | 13.00 | 148.00 | 161.00 | NOTE | |
r-oldrel-osx-x86_64 | 0.1.0 | NOTE |
Version: 0.1.0
Check: installed package size
Result: NOTE
installed size is 5.4Mb
sub-directories of 1Mb or more:
doc 3.0Mb
help 1.6Mb
Flavors: r-devel-linux-x86_64-fedora-clang, r-devel-windows-ix86+x86_64, r-devel-windows-ix86+x86_64-gcc8, r-patched-solaris-x86, r-release-windows-ix86+x86_64, r-release-osx-x86_64, r-oldrel-windows-ix86+x86_64, r-oldrel-osx-x86_64
Version: 0.1.0
Check: dependencies in R code
Result: NOTE
Namespace in Imports field not imported from: ‘utils’
All declared Imports should be used.
Flavors: r-devel-linux-x86_64-fedora-clang, r-devel-linux-x86_64-fedora-gcc, r-patched-solaris-x86, r-release-osx-x86_64, r-oldrel-osx-x86_64