CRAN Package Check Results for Package cotram

Last updated on 2020-02-15 01:01:21 CET.

Flavor Version Tinstall Tcheck Ttotal Status Flags
r-devel-linux-x86_64-debian-clang 0.1-1 6.66 83.41 90.07 WARN
r-devel-linux-x86_64-debian-gcc 0.1-1 6.74 64.42 71.16 WARN
r-devel-linux-x86_64-fedora-clang 0.1-1 168.46 OK
r-devel-linux-x86_64-fedora-gcc 0.1-1 143.57 OK
r-devel-windows-ix86+x86_64 0.1-1 18.00 155.00 173.00 OK
r-devel-windows-ix86+x86_64-gcc8 0.1-1 19.00 206.00 225.00 OK
r-patched-linux-x86_64 0.1-1 6.77 122.62 129.39 OK
r-patched-solaris-x86 0.1-1 275.30 OK
r-release-linux-x86_64 0.1-1 6.99 121.85 128.84 OK
r-release-windows-ix86+x86_64 0.1-1 16.00 141.00 157.00 OK
r-release-osx-x86_64 0.1-1 OK
r-oldrel-windows-ix86+x86_64 0.1-1 8.00 136.00 144.00 OK
r-oldrel-osx-x86_64 0.1-1 OK

Check Details

Version: 0.1-1
Check: re-building of vignette outputs
Result: WARN
    Error(s) in re-building vignettes:
     ...
    --- re-building 'cotram.Rnw' using knitr
    Loading required package: tram
    Loading required package: mlt
    Loading required package: basefun
    Loading required package: variables
    trying URL 'https://zenodo.org/record/17179/files/DVC.tgz'
    Content type 'application/octet-stream' length 2292581 bytes (2.2 MB)
    ==================================================
    downloaded 2.2 MB
    
    Quitting from lines 119-154 (cotram.Rnw)
    Error: processing vignette 'cotram.Rnw' failed with diagnostics:
    â<c2><80><c2><98>dimnamesâ<c2><80><c2><99> applied to non-array
    --- failed re-building â<c2><80><c2><98>cotram.Rnwâ<c2><80><c2><99>
    
    SUMMARY: processing the following file failed:
     â<c2><80><c2><98>cotram.Rnwâ<c2><80><c2><99>
    
    Error: Vignette re-building failed.
    Execution halted
Flavor: r-devel-linux-x86_64-debian-clang

Version: 0.1-1
Check: re-building of vignette outputs
Result: WARN
    Error(s) in re-building vignettes:
     ...
    --- re-building ‘cotram.Rnw’ using knitr
    Loading required package: tram
    Loading required package: mlt
    Loading required package: basefun
    Loading required package: variables
    trying URL ‘https://zenodo.org/record/17179/files/DVC.tgz’
    Content type 'application/octet-stream' length 2292581 bytes (2.2 MB)
    ==================================================
    downloaded 2.2 MB
    
    Quitting from lines 119-154 (cotram.Rnw)
    Error: processing vignette 'cotram.Rnw' failed with diagnostics:
    ‘dimnames’ applied to non-array
    --- failed re-building ‘cotram.Rnw’
    
    SUMMARY: processing the following file failed:
     ‘cotram.Rnw’
    
    Error: Vignette re-building failed.
    Execution halted
Flavor: r-devel-linux-x86_64-debian-gcc