Last updated on 2020-02-15 01:01:21 CET.
Flavor | Version | Tinstall | Tcheck | Ttotal | Status | Flags |
---|---|---|---|---|---|---|
r-devel-linux-x86_64-debian-clang | 0.1.0 | 2.62 | 74.52 | 77.14 | OK | |
r-devel-linux-x86_64-debian-gcc | 0.1.0 | 2.32 | 55.62 | 57.94 | OK | |
r-devel-linux-x86_64-fedora-clang | 0.1.0 | 91.95 | NOTE | |||
r-devel-linux-x86_64-fedora-gcc | 0.1.0 | 90.70 | NOTE | |||
r-devel-windows-ix86+x86_64 | 0.1.0 | 8.00 | 79.00 | 87.00 | OK | |
r-devel-windows-ix86+x86_64-gcc8 | 0.1.0 | 15.00 | 114.00 | 129.00 | OK | |
r-patched-linux-x86_64 | 0.1.0 | 2.14 | 66.98 | 69.12 | OK | |
r-patched-solaris-x86 | 0.1.0 | 118.70 | NOTE | |||
r-release-linux-x86_64 | 0.1.0 | 1.91 | 69.08 | 70.99 | OK | |
r-release-windows-ix86+x86_64 | 0.1.0 | 5.00 | 71.00 | 76.00 | OK | |
r-release-osx-x86_64 | 0.1.0 | NOTE | ||||
r-oldrel-windows-ix86+x86_64 | 0.1.0 | 4.00 | 79.00 | 83.00 | OK | |
r-oldrel-osx-x86_64 | 0.1.0 | NOTE |
Version: 0.1.0
Check: dependencies in R code
Result: NOTE
Namespaces in Imports field not imported from:
‘ggplot2’ ‘misc3d’
All declared Imports should be used.
Flavors: r-devel-linux-x86_64-fedora-clang, r-devel-linux-x86_64-fedora-gcc, r-patched-solaris-x86, r-release-osx-x86_64, r-oldrel-osx-x86_64