Last updated on 2020-02-15 01:01:21 CET.
Flavor | Version | Tinstall | Tcheck | Ttotal | Status | Flags |
---|---|---|---|---|---|---|
r-devel-linux-x86_64-debian-clang | 2.0.4 | 46.30 | 229.80 | 276.10 | NOTE | |
r-devel-linux-x86_64-debian-gcc | 2.0.4 | 27.30 | 152.47 | 179.77 | NOTE | |
r-devel-linux-x86_64-fedora-clang | 2.0.4 | 322.23 | NOTE | |||
r-devel-linux-x86_64-fedora-gcc | 2.0.4 | 305.09 | NOTE | |||
r-devel-windows-ix86+x86_64 | 2.0.4 | 96.00 | 256.00 | 352.00 | NOTE | |
r-devel-windows-ix86+x86_64-gcc8 | 2.0.4 | 105.00 | 329.00 | 434.00 | WARN | |
r-patched-linux-x86_64 | 2.0.4 | 32.93 | 192.80 | 225.73 | NOTE | |
r-patched-solaris-x86 | 2.0.4 | 302.50 | NOTE | |||
r-release-linux-x86_64 | 2.0.4 | 33.56 | 191.92 | 225.48 | NOTE | |
r-release-windows-ix86+x86_64 | 2.0.4 | 89.00 | 221.00 | 310.00 | NOTE | |
r-release-osx-x86_64 | 2.0.4 | NOTE | ||||
r-oldrel-windows-ix86+x86_64 | 2.0.4 | 85.00 | 224.00 | 309.00 | NOTE | |
r-oldrel-osx-x86_64 | 2.0.4 | NOTE |
Version: 2.0.4
Check: for GNU extensions in Makefiles
Result: NOTE
GNU make is a SystemRequirements.
Flavors: r-devel-linux-x86_64-debian-clang, r-devel-linux-x86_64-debian-gcc, r-devel-linux-x86_64-fedora-clang, r-devel-linux-x86_64-fedora-gcc, r-devel-windows-ix86+x86_64, r-devel-windows-ix86+x86_64-gcc8, r-patched-linux-x86_64, r-patched-solaris-x86, r-release-linux-x86_64, r-release-windows-ix86+x86_64, r-release-osx-x86_64, r-oldrel-windows-ix86+x86_64, r-oldrel-osx-x86_64
Version: 2.0.4
Check: installed package size
Result: NOTE
installed size is 6.4Mb
sub-directories of 1Mb or more:
doc 1.3Mb
libs 4.9Mb
Flavors: r-devel-windows-ix86+x86_64, r-devel-windows-ix86+x86_64-gcc8, r-release-windows-ix86+x86_64, r-oldrel-windows-ix86+x86_64
Version: 2.0.4
Check: whether package can be installed
Result: WARN
Found the following significant warnings:
./src/common/Random.c:105:5: warning: 'memcpy' pointer overflow between offset 0 and size [4294967292, 2147483647] [-Warray-bounds]
./src/common/Random.c:105:5: warning: 'memcpy' pointer overflow between offset 0 and size [-4, 9223372036854775807] [-Warray-bounds]
Flavor: r-devel-windows-ix86+x86_64-gcc8