CRAN Package Check Results for Package data.tree

Last updated on 2020-02-15 01:01:21 CET.

Flavor Version Tinstall Tcheck Ttotal Status Flags
r-devel-linux-x86_64-debian-clang 0.7.11 5.68 89.92 95.60 OK
r-devel-linux-x86_64-debian-gcc 0.7.11 4.23 69.24 73.47 OK
r-devel-linux-x86_64-fedora-clang 0.7.11 110.58 OK
r-devel-linux-x86_64-fedora-gcc 0.7.11 107.91 OK
r-devel-windows-ix86+x86_64 0.7.11 10.00 112.00 122.00 OK
r-devel-windows-ix86+x86_64-gcc8 0.7.11 16.00 154.00 170.00 OK
r-patched-linux-x86_64 0.7.11 4.36 82.02 86.38 OK
r-patched-solaris-x86 0.7.11 146.20 WARN
r-release-linux-x86_64 0.7.11 4.74 80.83 85.57 OK
r-release-windows-ix86+x86_64 0.7.11 8.00 102.00 110.00 OK
r-release-osx-x86_64 0.7.11 WARN
r-oldrel-windows-ix86+x86_64 0.7.11 9.00 99.00 108.00 OK
r-oldrel-osx-x86_64 0.7.11 WARN

Check Details

Version: 0.7.11
Check: re-building of vignette outputs
Result: WARN
    Error(s) in re-building vignettes:
     ...
    --- re-building ‘applications.Rmd’ using rmarkdown
    Warning in engine$weave(file, quiet = quiet, encoding = enc) :
     Pandoc (>= 1.12.3) and/or pandoc-citeproc not available. Falling back to R Markdown v1.
    --- finished re-building ‘applications.Rmd’
    
    --- re-building ‘data.tree.Rmd’ using rmarkdown
    Warning in engine$weave(file, quiet = quiet, encoding = enc) :
     Pandoc (>= 1.12.3) and/or pandoc-citeproc not available. Falling back to R Markdown v1.
    Quitting from lines 513-516 (data.tree.Rmd)
    Error: processing vignette 'data.tree.Rmd' failed with diagnostics:
    there is no package called 'webshot'
    --- failed re-building ‘data.tree.Rmd’
    
    SUMMARY: processing the following file failed:
     ‘data.tree.Rmd’
    
    Error: Vignette re-building failed.
    Execution halted
Flavor: r-patched-solaris-x86

Version: 0.7.11
Check: re-building of vignette outputs
Result: WARN
    Error(s) in re-building vignettes:
     ...
    --- re-building ‘applications.Rmd’ using rmarkdown
    Warning in engine$weave(file, quiet = quiet, encoding = enc) :
     Pandoc (>= 1.12.3) and/or pandoc-citeproc not available. Falling back to R Markdown v1.
    --- finished re-building ‘applications.Rmd’
    
    --- re-building ‘data.tree.Rmd’ using rmarkdown
    Warning in engine$weave(file, quiet = quiet, encoding = enc) :
     Pandoc (>= 1.12.3) and/or pandoc-citeproc not available. Falling back to R Markdown v1.
    PhantomJS not found. You can install it with webshot::install_phantomjs(). If it is installed, please make sure the phantomjs executable can be found via the PATH variable.
    Warning in normalizePath(f2) :
     path[1]="webshot157e81cd7762b.png": No such file or directory
    Warning in file(con, "rb") :
     cannot open file 'webshot157e81cd7762b.png': No such file or directory
    Quitting from lines 513-516 (data.tree.Rmd)
    Error: processing vignette 'data.tree.Rmd' failed with diagnostics:
    cannot open the connection
    --- failed re-building ‘data.tree.Rmd’
    
    SUMMARY: processing the following file failed:
     ‘data.tree.Rmd’
    
    Error: Vignette re-building failed.
    Execution halted
Flavor: r-release-osx-x86_64

Version: 0.7.11
Check: re-building of vignette outputs
Result: WARN
    Error in re-building vignettes:
     ...
    Warning in engine$weave(file, quiet = quiet, encoding = enc) :
     Pandoc (>= 1.12.3) and/or pandoc-citeproc not available. Falling back to R Markdown v1.
    Warning in engine$weave(file, quiet = quiet, encoding = enc) :
     Pandoc (>= 1.12.3) and/or pandoc-citeproc not available. Falling back to R Markdown v1.
    PhantomJS not found. You can install it with webshot::install_phantomjs(). If it is installed, please make sure the phantomjs executable can be found via the PATH variable.
    Warning in normalizePath(f2) :
     path[1]="webshot69f82cd291ad.png": No such file or directory
    Warning in file(con, "rb") :
     cannot open file 'webshot69f82cd291ad.png': No such file or directory
    Quitting from lines 513-516 (data.tree.Rmd)
    Error: processing vignette 'data.tree.Rmd' failed with diagnostics:
    cannot open the connection
    Execution halted
Flavor: r-oldrel-osx-x86_64