Last updated on 2020-02-15 01:01:22 CET.
Flavor | Version | Tinstall | Tcheck | Ttotal | Status | Flags |
---|---|---|---|---|---|---|
r-devel-linux-x86_64-debian-clang | 2.16.0 | 12.21 | 162.45 | 174.66 | OK | |
r-devel-linux-x86_64-debian-gcc | 2.16.0 | 7.55 | 127.88 | 135.43 | OK | |
r-devel-linux-x86_64-fedora-clang | 2.16.0 | 204.91 | NOTE | |||
r-devel-linux-x86_64-fedora-gcc | 2.16.0 | 202.26 | NOTE | |||
r-devel-windows-ix86+x86_64 | 2.16.0 | 22.00 | 140.00 | 162.00 | NOTE | |
r-devel-windows-ix86+x86_64-gcc8 | 2.16.0 | 33.00 | 191.00 | 224.00 | NOTE | |
r-patched-linux-x86_64 | 2.16.0 | 8.33 | 150.02 | 158.35 | OK | |
r-patched-solaris-x86 | 2.16.0 | 163.30 | NOTE | |||
r-release-linux-x86_64 | 2.16.0 | 8.86 | 151.60 | 160.46 | OK | |
r-release-windows-ix86+x86_64 | 2.16.0 | 16.00 | 135.00 | 151.00 | NOTE | |
r-release-osx-x86_64 | 2.16.0 | NOTE | ||||
r-oldrel-windows-ix86+x86_64 | 2.16.0 | 14.00 | 107.00 | 121.00 | NOTE | |
r-oldrel-osx-x86_64 | 2.16.0 | NOTE |
Version: 2.16.0
Check: installed package size
Result: NOTE
installed size is 8.8Mb
sub-directories of 1Mb or more:
doc 2.2Mb
extdata 5.5Mb
Flavors: r-devel-linux-x86_64-fedora-clang, r-devel-windows-ix86+x86_64, r-devel-windows-ix86+x86_64-gcc8, r-patched-solaris-x86, r-release-windows-ix86+x86_64, r-release-osx-x86_64, r-oldrel-windows-ix86+x86_64, r-oldrel-osx-x86_64
Version: 2.16.0
Check: dependencies in R code
Result: NOTE
Namespace in Imports field not imported from: ‘curl’
All declared Imports should be used.
Flavors: r-devel-linux-x86_64-fedora-clang, r-devel-linux-x86_64-fedora-gcc, r-patched-solaris-x86, r-release-osx-x86_64, r-oldrel-osx-x86_64