Last updated on 2020-02-15 01:01:22 CET.
Flavor | Version | Tinstall | Tcheck | Ttotal | Status | Flags |
---|---|---|---|---|---|---|
r-devel-linux-x86_64-debian-clang | 0.1.9 | 4.54 | 34.18 | 38.72 | OK | |
r-devel-linux-x86_64-debian-gcc | 0.1.9 | 4.13 | 26.81 | 30.94 | OK | |
r-devel-linux-x86_64-fedora-clang | 0.1.9 | 48.57 | NOTE | |||
r-devel-linux-x86_64-fedora-gcc | 0.1.9 | 49.07 | NOTE | |||
r-devel-windows-ix86+x86_64 | 0.1.9 | 13.00 | 51.00 | 64.00 | OK | |
r-devel-windows-ix86+x86_64-gcc8 | 0.1.9 | 14.00 | 64.00 | 78.00 | OK | |
r-patched-linux-x86_64 | 0.1.9 | 3.90 | 30.36 | 34.26 | OK | |
r-patched-solaris-x86 | 0.1.9 | 61.20 | NOTE | |||
r-release-linux-x86_64 | 0.1.9 | 4.00 | 30.28 | 34.28 | OK | |
r-release-windows-ix86+x86_64 | 0.1.9 | 8.00 | 45.00 | 53.00 | OK | |
r-release-osx-x86_64 | 0.1.9 | NOTE | ||||
r-oldrel-windows-ix86+x86_64 | 0.1.9 | 6.00 | 45.00 | 51.00 | OK | |
r-oldrel-osx-x86_64 | 0.1.9 | NOTE |
Version: 0.1.9
Check: dependencies in R code
Result: NOTE
Namespace in Imports field not imported from: ‘MASS’
All declared Imports should be used.
Flavors: r-devel-linux-x86_64-fedora-clang, r-devel-linux-x86_64-fedora-gcc, r-patched-solaris-x86, r-release-osx-x86_64, r-oldrel-osx-x86_64