CRAN Package Check Results for Package diveMove

Last updated on 2020-02-15 01:01:22 CET.

Flavor Version Tinstall Tcheck Ttotal Status Flags
r-devel-linux-x86_64-debian-clang 1.4.5 14.98 428.65 443.63 OK
r-devel-linux-x86_64-debian-gcc 1.4.5 12.97 309.10 322.07 OK
r-devel-linux-x86_64-fedora-clang 1.4.5 507.40 OK
r-devel-linux-x86_64-fedora-gcc 1.4.5 541.48 OK
r-devel-windows-ix86+x86_64 1.4.5 32.00 725.00 757.00 OK
r-devel-windows-ix86+x86_64-gcc8 1.4.5 48.00 879.00 927.00 OK
r-patched-linux-x86_64 1.4.5 13.23 367.37 380.60 OK
r-patched-solaris-x86 1.4.5 637.30 OK
r-release-linux-x86_64 1.4.5 15.14 367.30 382.44 OK
r-release-windows-ix86+x86_64 1.4.5 26.00 634.00 660.00 OK
r-release-osx-x86_64 1.4.5 FAIL
r-oldrel-windows-ix86+x86_64 1.4.5 18.00 832.00 850.00 OK
r-oldrel-osx-x86_64 1.4.5 OK

Check Details

Version: 1.4.5
Check: dependencies in R code
Result: FAIL
Flavor: r-release-osx-x86_64