Last updated on 2020-02-15 01:01:22 CET.
Flavor | Version | Tinstall | Tcheck | Ttotal | Status | Flags |
---|---|---|---|---|---|---|
r-devel-linux-x86_64-debian-clang | 1.1.6 | 18.26 | 143.15 | 161.41 | WARN | |
r-devel-linux-x86_64-debian-gcc | 1.1.6 | 14.86 | 110.11 | 124.97 | WARN | |
r-devel-linux-x86_64-fedora-clang | 1.1.6 | 194.87 | WARN | |||
r-devel-linux-x86_64-fedora-gcc | 1.1.6 | 203.41 | WARN | |||
r-devel-windows-ix86+x86_64 | 1.1.6 | 31.00 | 161.00 | 192.00 | OK | |
r-devel-windows-ix86+x86_64-gcc8 | 1.1.6 | 42.00 | 210.00 | 252.00 | OK | |
r-patched-linux-x86_64 | 1.1.6 | 16.12 | 129.24 | 145.36 | OK | |
r-patched-solaris-x86 | 1.1.6 | 271.10 | OK | |||
r-release-linux-x86_64 | 1.1.6 | 15.89 | 128.30 | 144.19 | OK | |
r-release-windows-ix86+x86_64 | 1.1.6 | 27.00 | 136.00 | 163.00 | OK | |
r-release-osx-x86_64 | 1.1.6 | OK | ||||
r-oldrel-windows-ix86+x86_64 | 1.1.6 | 17.00 | 132.00 | 149.00 | OK | |
r-oldrel-osx-x86_64 | 1.1.6 | OK |
Version: 1.1.6
Check: data for non-ASCII characters
Result: WARN
Error loading dataset 'TCGA_mutations':
Error in .requirePackage(package) :
unable to find required package 'Biobase'
The dataset(s) may use package(s) not declared in Depends/Imports.
Flavors: r-devel-linux-x86_64-debian-clang, r-devel-linux-x86_64-debian-gcc, r-devel-linux-x86_64-fedora-clang, r-devel-linux-x86_64-fedora-gcc