CRAN Package Check Results for Package dplR

Last updated on 2020-02-15 01:01:22 CET.

Flavor Version Tinstall Tcheck Ttotal Status Flags
r-devel-linux-x86_64-debian-clang 1.7.0 27.94 275.85 303.79 OK
r-devel-linux-x86_64-debian-gcc 1.7.0 22.34 204.25 226.59 OK
r-devel-linux-x86_64-fedora-clang 1.7.0 377.03 OK
r-devel-linux-x86_64-fedora-gcc 1.7.0 374.19 OK
r-devel-windows-ix86+x86_64 1.7.0 50.00 424.00 474.00 OK
r-devel-windows-ix86+x86_64-gcc8 1.7.0 65.00 535.00 600.00 OK
r-patched-linux-x86_64 1.7.0 24.64 242.57 267.21 OK
r-patched-solaris-x86 1.7.0 484.00 WARN
r-release-linux-x86_64 1.7.0 24.35 242.56 266.91 OK
r-release-windows-ix86+x86_64 1.7.0 49.00 372.00 421.00 OK
r-release-osx-x86_64 1.7.0 NOTE
r-oldrel-windows-ix86+x86_64 1.7.0 38.00 352.00 390.00 OK
r-oldrel-osx-x86_64 1.7.0 OK

Check Details

Version: 1.7.0
Check: for unstated dependencies in ‘tests’
Result: WARN
    Warning in deparse(e[[2L]]) :
     it is not known that wchar_t is Unicode on this platform
    Warning in deparse(e[[2L]]) :
     it is not known that wchar_t is Unicode on this platform
    Warning in deparse(e[[2L]]) :
     it is not known that wchar_t is Unicode on this platform
    Warning in deparse(e[[2L]]) :
     it is not known that wchar_t is Unicode on this platform
    Warning in deparse(e[[2L]]) :
     it is not known that wchar_t is Unicode on this platform
    Warning in deparse(e[[2L]]) :
     it is not known that wchar_t is Unicode on this platform
    Warning in deparse(e[[2L]]) :
     it is not known that wchar_t is Unicode on this platform
    Warning in deparse(e[[2L]]) :
     it is not known that wchar_t is Unicode on this platform
    Warning in deparse(e[[2L]]) :
     it is not known that wchar_t is Unicode on this platform
    Warning in deparse(e[[2L]]) :
     it is not known that wchar_t is Unicode on this platform
    Warning in deparse(e[[2L]]) :
     it is not known that wchar_t is Unicode on this platform
    Warning in deparse(e[[2L]]) :
     it is not known that wchar_t is Unicode on this platform
    Warning in deparse(e[[2L]]) :
     it is not known that wchar_t is Unicode on this platform
    Warning in deparse(e[[2L]]) :
     it is not known that wchar_t is Unicode on this platform
    Warning in deparse(e[[2L]]) :
     it is not known that wchar_t is Unicode on this platform
    Warning in deparse(e[[2L]]) :
     it is not known that wchar_t is Unicode on this platform
    Warning in deparse(e[[2L]]) :
     it is not known that wchar_t is Unicode on this platform
    Warning in deparse(e[[2L]]) :
     it is not known that wchar_t is Unicode on this platform
    Warning in deparse(e[[2L]]) :
     it is not known that wchar_t is Unicode on this platform
    Warning in deparse(e[[2L]]) :
     it is not known that wchar_t is Unicode on this platform
    Warning in deparse(e[[2L]]) :
     it is not known that wchar_t is Unicode on this platform
    Warning in deparse(e[[2L]]) :
     it is not known that wchar_t is Unicode on this platform
Flavor: r-patched-solaris-x86

Version: 1.7.0
Check: package dependencies
Result: NOTE
    Package suggested but not available for checking: ‘Biobase’
Flavor: r-release-osx-x86_64