Last updated on 2020-02-15 01:01:23 CET.
Flavor | Version | Tinstall | Tcheck | Ttotal | Status | Flags |
---|---|---|---|---|---|---|
r-devel-linux-x86_64-debian-clang | 1.2.1 | 19.54 | 111.42 | 130.96 | OK | |
r-devel-linux-x86_64-debian-gcc | 1.2.1 | 15.03 | 84.35 | 99.38 | OK | |
r-devel-linux-x86_64-fedora-clang | 1.2.1 | 156.86 | NOTE | |||
r-devel-linux-x86_64-fedora-gcc | 1.2.1 | 159.31 | NOTE | |||
r-devel-windows-ix86+x86_64 | 1.2.1 | 30.00 | 118.00 | 148.00 | OK | |
r-devel-windows-ix86+x86_64-gcc8 | 1.2.1 | 44.00 | 154.00 | 198.00 | OK | |
r-patched-linux-x86_64 | 1.2.1 | 14.18 | 96.10 | 110.28 | OK | |
r-patched-solaris-x86 | 1.2.1 | 214.80 | NOTE | |||
r-release-linux-x86_64 | 1.2.1 | 15.40 | 96.67 | 112.07 | OK | |
r-release-windows-ix86+x86_64 | 1.2.1 | 25.00 | 105.00 | 130.00 | OK | |
r-release-osx-x86_64 | 1.2.1 | NOTE | ||||
r-oldrel-windows-ix86+x86_64 | 1.2.1 | 15.00 | 104.00 | 119.00 | OK | |
r-oldrel-osx-x86_64 | 1.2.1 | NOTE |
Version: 1.2.1
Check: dependencies in R code
Result: NOTE
Namespaces in Imports field not imported from:
‘maptools’ ‘tools’
All declared Imports should be used.
Flavors: r-devel-linux-x86_64-fedora-clang, r-devel-linux-x86_64-fedora-gcc, r-patched-solaris-x86, r-release-osx-x86_64, r-oldrel-osx-x86_64