Last updated on 2020-02-15 01:01:23 CET.
Flavor | Version | Tinstall | Tcheck | Ttotal | Status | Flags |
---|---|---|---|---|---|---|
r-devel-linux-x86_64-debian-clang | 0.9.9-11 | 12.41 | 110.02 | 122.43 | OK | |
r-devel-linux-x86_64-debian-gcc | 0.9.9-11 | 10.14 | 84.93 | 95.07 | OK | |
r-devel-linux-x86_64-fedora-clang | 0.9.9-11 | 150.52 | NOTE | |||
r-devel-linux-x86_64-fedora-gcc | 0.9.9-11 | 148.53 | OK | |||
r-devel-windows-ix86+x86_64 | 0.9.9-11 | 29.00 | 127.00 | 156.00 | OK | |
r-devel-windows-ix86+x86_64-gcc8 | 0.9.9-11 | 41.00 | 164.00 | 205.00 | OK | |
r-patched-linux-x86_64 | 0.9.9-11 | 11.80 | 99.85 | 111.65 | OK | |
r-patched-solaris-x86 | 0.9.9-11 | 208.30 | NOTE | |||
r-release-linux-x86_64 | 0.9.9-11 | 11.20 | 99.26 | 110.46 | OK | |
r-release-windows-ix86+x86_64 | 0.9.9-11 | 25.00 | 117.00 | 142.00 | OK | |
r-release-osx-x86_64 | 0.9.9-11 | OK | ||||
r-oldrel-windows-ix86+x86_64 | 0.9.9-11 | 14.00 | 155.00 | 169.00 | OK | |
r-oldrel-osx-x86_64 | 0.9.9-11 | OK |
Version: 0.9.9-11
Check: installed package size
Result: NOTE
installed size is 5.0Mb
sub-directories of 1Mb or more:
data 4.3Mb
Flavors: r-devel-linux-x86_64-fedora-clang, r-patched-solaris-x86