Last updated on 2020-02-15 01:01:23 CET.
Flavor | Version | Tinstall | Tcheck | Ttotal | Status | Flags |
---|---|---|---|---|---|---|
r-devel-linux-x86_64-debian-clang | 1.2.5 | 8.28 | 26.34 | 34.62 | OK | |
r-devel-linux-x86_64-debian-gcc | 1.2.5 | 5.04 | 21.25 | 26.29 | OK | |
r-devel-linux-x86_64-fedora-clang | 1.2.5 | 42.37 | NOTE | |||
r-devel-linux-x86_64-fedora-gcc | 1.2.5 | 39.28 | NOTE | |||
r-devel-windows-ix86+x86_64 | 1.2.5 | 13.00 | 50.00 | 63.00 | OK | |
r-devel-windows-ix86+x86_64-gcc8 | 1.2.5 | 22.00 | 65.00 | 87.00 | OK | |
r-patched-linux-x86_64 | 1.2.5 | 5.55 | 24.14 | 29.69 | OK | |
r-patched-solaris-x86 | 1.2.5 | 63.50 | OK | |||
r-release-linux-x86_64 | 1.2.5 | 4.91 | 24.18 | 29.09 | OK | |
r-release-windows-ix86+x86_64 | 1.2.5 | 12.00 | 43.00 | 55.00 | OK | |
r-release-osx-x86_64 | 1.2.5 | OK | ||||
r-oldrel-windows-ix86+x86_64 | 1.2.5 | 10.00 | 65.00 | 75.00 | OK | |
r-oldrel-osx-x86_64 | 1.2.5 | OK |
Version: 1.2.5
Check: compiled code
Result: NOTE
File ‘ebdbNet/libs/ebdbNet.so’:
Found no calls to: ‘R_registerRoutines’, ‘R_useDynamicSymbols’
It is good practice to register native routines and to disable symbol
search.
See ‘Writing portable packages’ in the ‘Writing R Extensions’ manual.
Flavors: r-devel-linux-x86_64-fedora-clang, r-devel-linux-x86_64-fedora-gcc