Last updated on 2020-02-15 01:01:23 CET.
Flavor | Version | Tinstall | Tcheck | Ttotal | Status | Flags |
---|---|---|---|---|---|---|
r-devel-linux-x86_64-debian-clang | 0.1.81 | 14.09 | 116.86 | 130.95 | OK | |
r-devel-linux-x86_64-debian-gcc | 0.1.81 | 13.75 | 89.72 | 103.47 | OK | |
r-devel-linux-x86_64-fedora-clang | 0.1.81 | 160.03 | WARN | |||
r-devel-linux-x86_64-fedora-gcc | 0.1.81 | 156.56 | NOTE | |||
r-devel-windows-ix86+x86_64 | 0.1.81 | 29.00 | 130.00 | 159.00 | OK | |
r-devel-windows-ix86+x86_64-gcc8 | 0.1.81 | 35.00 | 169.00 | 204.00 | OK | |
r-patched-linux-x86_64 | 0.1.81 | 12.95 | 102.50 | 115.45 | OK | |
r-patched-solaris-x86 | 0.1.81 | 214.30 | NOTE | |||
r-release-linux-x86_64 | 0.1.81 | 13.08 | 102.67 | 115.75 | OK | |
r-release-windows-ix86+x86_64 | 0.1.81 | 25.00 | 115.00 | 140.00 | OK | |
r-release-osx-x86_64 | 0.1.81 | NOTE | ||||
r-oldrel-windows-ix86+x86_64 | 0.1.81 | 17.00 | 114.00 | 131.00 | OK | |
r-oldrel-osx-x86_64 | 0.1.81 | NOTE |
Version: 0.1.81
Check: package dependencies
Result: WARN
Requires orphaned package: ‘tnet’
Flavor: r-devel-linux-x86_64-fedora-clang
Version: 0.1.81
Check: dependencies in R code
Result: NOTE
Namespace in Imports field not imported from: ‘tnet’
All declared Imports should be used.
Flavors: r-devel-linux-x86_64-fedora-clang, r-devel-linux-x86_64-fedora-gcc, r-patched-solaris-x86, r-release-osx-x86_64, r-oldrel-osx-x86_64