CRAN Package Check Results for Package ecoval

Last updated on 2020-02-15 01:01:23 CET.

Flavor Version Tinstall Tcheck Ttotal Status Flags
r-devel-linux-x86_64-debian-clang 1.2.5 13.90 69.78 83.68 OK
r-devel-linux-x86_64-debian-gcc 1.2.5 13.54 52.44 65.98 OK
r-devel-linux-x86_64-fedora-clang 1.2.5 100.25 NOTE
r-devel-linux-x86_64-fedora-gcc 1.2.5 98.06 NOTE
r-devel-windows-ix86+x86_64 1.2.5 20.00 76.00 96.00 OK
r-devel-windows-ix86+x86_64-gcc8 1.2.5 29.00 101.00 130.00 OK
r-patched-linux-x86_64 1.2.5 11.21 61.44 72.65 OK
r-patched-solaris-x86 1.2.5 116.00 NOTE
r-release-linux-x86_64 1.2.5 11.16 61.86 73.02 OK
r-release-windows-ix86+x86_64 1.2.5 26.00 73.00 99.00 OK
r-release-osx-x86_64 1.2.5 NOTE
r-oldrel-windows-ix86+x86_64 1.2.5 21.00 89.00 110.00 OK
r-oldrel-osx-x86_64 1.2.5 NOTE

Check Details

Version: 1.2.5
Check: data for non-ASCII characters
Result: NOTE
     Note: found 8 marked UTF-8 strings
Flavors: r-devel-linux-x86_64-fedora-clang, r-devel-linux-x86_64-fedora-gcc, r-patched-solaris-x86, r-release-osx-x86_64, r-oldrel-osx-x86_64