CRAN Package Check Results for Package emoa

Last updated on 2020-02-15 01:01:23 CET.

Flavor Version Tinstall Tcheck Ttotal Status Flags
r-devel-linux-x86_64-debian-clang 0.5-0 6.75 21.56 28.31 WARN
r-devel-linux-x86_64-debian-gcc 0.5-0 4.29 17.46 21.75 WARN
r-devel-linux-x86_64-fedora-clang 0.5-0 36.13 WARN
r-devel-linux-x86_64-fedora-gcc 0.5-0 33.63 WARN
r-devel-windows-ix86+x86_64 0.5-0 21.00 44.00 65.00 NOTE
r-devel-windows-ix86+x86_64-gcc8 0.5-0 29.00 61.00 90.00 NOTE
r-patched-linux-x86_64 0.5-0 4.35 20.18 24.53 WARN
r-patched-solaris-x86 0.5-0 47.30 WARN
r-release-linux-x86_64 0.5-0 4.42 20.03 24.45 NOTE
r-release-windows-ix86+x86_64 0.5-0 22.00 41.00 63.00 NOTE
r-release-osx-x86_64 0.5-0 NOTE
r-oldrel-windows-ix86+x86_64 0.5-0 20.00 60.00 80.00 NOTE
r-oldrel-osx-x86_64 0.5-0 NOTE

Check Details

Version: 0.5-0
Check: R code for possible problems
Result: NOTE
    nondominated_ordering: no visible binding for global variable 'par'
    rsbxbeta: no visible global function definition for 'runif'
    Undefined global functions or variables:
     par runif
    Consider adding
     importFrom("graphics", "par")
     importFrom("stats", "runif")
    to your NAMESPACE file.
Flavors: r-devel-linux-x86_64-debian-clang, r-devel-linux-x86_64-debian-gcc, r-devel-linux-x86_64-fedora-clang, r-devel-linux-x86_64-fedora-gcc, r-devel-windows-ix86+x86_64, r-devel-windows-ix86+x86_64-gcc8, r-patched-linux-x86_64, r-patched-solaris-x86, r-release-linux-x86_64, r-release-windows-ix86+x86_64, r-release-osx-x86_64, r-oldrel-windows-ix86+x86_64, r-oldrel-osx-x86_64

Version: 0.5-0
Check: Rd \usage sections
Result: WARN
    Documented arguments not in \usage in documentation object 'emoa_logger':
     '...'
    
    Functions with \usage entries need to have the appropriate \alias
    entries, and all their arguments documented.
    The \usage entries must correspond to syntactically valid R code.
    See chapter 'Writing R documentation files' in the 'Writing R
    Extensions' manual.
Flavors: r-devel-linux-x86_64-debian-clang, r-devel-linux-x86_64-debian-gcc, r-devel-linux-x86_64-fedora-clang, r-devel-linux-x86_64-fedora-gcc, r-patched-linux-x86_64, r-patched-solaris-x86

Version: 0.5-0
Check: compiled code
Result: NOTE
    File ‘emoa/libs/emoa.so’:
     Found no calls to: ‘R_registerRoutines’, ‘R_useDynamicSymbols’
    
    It is good practice to register native routines and to disable symbol
    search.
    
    See ‘Writing portable packages’ in the ‘Writing R Extensions’ manual.
Flavors: r-devel-linux-x86_64-fedora-clang, r-devel-linux-x86_64-fedora-gcc