Last updated on 2020-02-15 01:01:23 CET.
Flavor | Version | Tinstall | Tcheck | Ttotal | Status | Flags |
---|---|---|---|---|---|---|
r-devel-linux-x86_64-debian-clang | 0.5.3 | 4.45 | 43.73 | 48.18 | OK | |
r-devel-linux-x86_64-debian-gcc | 0.5.3 | 3.46 | 34.10 | 37.56 | OK | |
r-devel-linux-x86_64-fedora-clang | 0.5.3 | 57.91 | NOTE | |||
r-devel-linux-x86_64-fedora-gcc | 0.5.3 | 56.20 | OK | |||
r-devel-windows-ix86+x86_64 | 0.5.3 | 14.00 | 62.00 | 76.00 | NOTE | |
r-devel-windows-ix86+x86_64-gcc8 | 0.5.3 | 17.00 | 88.00 | 105.00 | NOTE | |
r-patched-linux-x86_64 | 0.5.3 | 3.62 | 38.94 | 42.56 | OK | |
r-patched-solaris-x86 | 0.5.3 | 77.50 | NOTE | |||
r-release-linux-x86_64 | 0.5.3 | 3.69 | 39.59 | 43.28 | OK | |
r-release-windows-ix86+x86_64 | 0.5.3 | 12.00 | 53.00 | 65.00 | NOTE | |
r-release-osx-x86_64 | 0.5.3 | NOTE | ||||
r-oldrel-windows-ix86+x86_64 | 0.5.3 | 8.00 | 60.00 | 68.00 | NOTE | |
r-oldrel-osx-x86_64 | 0.5.3 | NOTE |
Version: 0.5.3
Check: installed package size
Result: NOTE
installed size is 7.0Mb
sub-directories of 1Mb or more:
emoji_fonts 6.5Mb
Flavors: r-devel-linux-x86_64-fedora-clang, r-devel-windows-ix86+x86_64, r-devel-windows-ix86+x86_64-gcc8, r-patched-solaris-x86, r-release-windows-ix86+x86_64, r-release-osx-x86_64, r-oldrel-windows-ix86+x86_64, r-oldrel-osx-x86_64